{"id":9781,"date":"2025-04-06T17:22:56","date_gmt":"2025-04-06T16:22:56","guid":{"rendered":"https:\/\/vesnajanko.eu\/?page_id=9781"},"modified":"2025-04-14T09:32:17","modified_gmt":"2025-04-14T08:32:17","slug":"stanovnistvo-amerike","status":"publish","type":"page","link":"https:\/\/vesnajanko.eu\/?page_id=9781","title":{"rendered":"Stanovni\u0161tvo Amerike"},"content":{"rendered":"\n<iframe loading=\"lazy\" src=\"https:\/\/docs.google.com\/presentation\/d\/e\/2PACX-1vQA6ESpbeCpZ7XzW95y7cWvoC5XSwGATnMjFpv1ouAPSfwrhCAguJhC89uY2uczMI8CfQG9w7yxYsAL\/embed?start=false&#038;loop=false&#038;delayms=3000\" frameborder=\"0\" width=\"960\" height=\"569\" allowfullscreen=\"true\" mozallowfullscreen=\"true\" webkitallowfullscreen=\"true\"><\/iframe>\n\n\n\n<div style=\"height:43px\" aria-hidden=\"true\" class=\"wp-block-spacer\"><\/div>\n\n\n\n<textarea id=\"w3review\" name=\"w3review\" rows=\"7\" cols=\"60\">\n(Ovdje mo\u017eete napisati odgovore. Tekst se ne pohranjuje.)\n<\/textarea>\n\n\n\n<div style=\"height:46px\" aria-hidden=\"true\" class=\"wp-block-spacer\"><\/div>\n\n\n\n<p class=\"has-pale-cyan-blue-background-color has-background has-medium-font-size\">Geobilje\u0161ke<\/p>\n\n\n\n<p class=\"has-text-align-center\">Stanovni\u0161tvo Amerike<\/p>\n\n\n\n<ul class=\"wp-block-list\">\n<li>starosjedioci su Indijanci i Inuit (Eskimi)<\/li>\n\n\n\n<li>Amerike su useljeni\u010dki kontinenti\n<ul class=\"wp-block-list\">\n<li>Angloamerika: potomci Engleza, Iraca, Francuza<\/li>\n\n\n\n<li>Latinska Amerika: potomci \u0160panjolaca i Portugalaca<\/li>\n\n\n\n<li>Afroamerikanci &#8211; potomci robova iz Afrike<\/li>\n\n\n\n<li>multikulturalni kontinenti<\/li>\n<\/ul>\n<\/li>\n\n\n\n<li>rijetko naseljen kontinenti<\/li>\n<\/ul>\n","protected":false},"excerpt":{"rendered":"<p>(Ovdje mo\u017eete napisati odgovore. Tekst se ne pohranjuje.) Geobilje\u0161ke Stanovni\u0161tvo Amerike<\/p>\n","protected":false},"author":1,"featured_media":0,"parent":7248,"menu_order":0,"comment_status":"closed","ping_status":"closed","template":"templates\/page-full-width.php","meta":{"footnotes":""},"class_list":["post-9781","page","type-page","status-publish","hentry"],"_links":{"self":[{"href":"https:\/\/vesnajanko.eu\/index.php?rest_route=\/wp\/v2\/pages\/9781","targetHints":{"allow":["GET"]}}],"collection":[{"href":"https:\/\/vesnajanko.eu\/index.php?rest_route=\/wp\/v2\/pages"}],"about":[{"href":"https:\/\/vesnajanko.eu\/index.php?rest_route=\/wp\/v2\/types\/page"}],"author":[{"embeddable":true,"href":"https:\/\/vesnajanko.eu\/index.php?rest_route=\/wp\/v2\/users\/1"}],"replies":[{"embeddable":true,"href":"https:\/\/vesnajanko.eu\/index.php?rest_route=%2Fwp%2Fv2%2Fcomments&post=9781"}],"version-history":[{"count":9,"href":"https:\/\/vesnajanko.eu\/index.php?rest_route=\/wp\/v2\/pages\/9781\/revisions"}],"predecessor-version":[{"id":9876,"href":"https:\/\/vesnajanko.eu\/index.php?rest_route=\/wp\/v2\/pages\/9781\/revisions\/9876"}],"up":[{"embeddable":true,"href":"https:\/\/vesnajanko.eu\/index.php?rest_route=\/wp\/v2\/pages\/7248"}],"wp:attachment":[{"href":"https:\/\/vesnajanko.eu\/index.php?rest_route=%2Fwp%2Fv2%2Fmedia&parent=9781"}],"curies":[{"name":"wp","href":"https:\/\/api.w.org\/{rel}","templated":true}]}}