{"id":9645,"date":"2025-02-16T17:58:35","date_gmt":"2025-02-16T16:58:35","guid":{"rendered":"https:\/\/vesnajanko.eu\/?page_id=9645"},"modified":"2025-02-16T18:00:46","modified_gmt":"2025-02-16T17:00:46","slug":"drustveno-geografska-obiljezja-juzne-europe","status":"publish","type":"page","link":"https:\/\/vesnajanko.eu\/?page_id=9645","title":{"rendered":"Dru\u0161tveno-geografska obilje\u017eja Ju\u017ene Europe"},"content":{"rendered":"\n<iframe loading=\"lazy\" src=\"https:\/\/docs.google.com\/presentation\/d\/e\/2PACX-1vRbwVGkutw2rcX6YuRVk3f7Mg4fgN1AiB5NbVqQwBsTXC3vA-MO2HnPB2pn7TQZB_52adUQEhO93CBn\/embed?start=false&#038;loop=false&#038;delayms=3000\" frameborder=\"0\" width=\"960\" height=\"569\" allowfullscreen=\"true\" mozallowfullscreen=\"true\" webkitallowfullscreen=\"true\"><\/iframe>\n\n\n\n<div style=\"height:48px\" aria-hidden=\"true\" class=\"wp-block-spacer\"><\/div>\n\n\n\n<p class=\"has-pale-cyan-blue-background-color has-background\"><strong><a href=\"https:\/\/docs.google.com\/document\/d\/e\/2PACX-1vSgRTw86PnESsLbtyRKXP4lph4eTvOPegAT9FqHgctKEzs30HWt2F86bNUzQpktQH6s2-ARmLFEsjRi\/pub\" target=\"_blank\" rel=\"noreferrer noopener\">Geobilje\u0161ke &#8211; klikni ovdje<\/a><\/strong><\/p>\n","protected":false},"excerpt":{"rendered":"<p>Geobilje\u0161ke &#8211; klikni ovdje<\/p>\n","protected":false},"author":1,"featured_media":0,"parent":7756,"menu_order":0,"comment_status":"closed","ping_status":"closed","template":"templates\/page-full-width.php","meta":{"footnotes":""},"class_list":["post-9645","page","type-page","status-publish","hentry"],"_links":{"self":[{"href":"https:\/\/vesnajanko.eu\/index.php?rest_route=\/wp\/v2\/pages\/9645","targetHints":{"allow":["GET"]}}],"collection":[{"href":"https:\/\/vesnajanko.eu\/index.php?rest_route=\/wp\/v2\/pages"}],"about":[{"href":"https:\/\/vesnajanko.eu\/index.php?rest_route=\/wp\/v2\/types\/page"}],"author":[{"embeddable":true,"href":"https:\/\/vesnajanko.eu\/index.php?rest_route=\/wp\/v2\/users\/1"}],"replies":[{"embeddable":true,"href":"https:\/\/vesnajanko.eu\/index.php?rest_route=%2Fwp%2Fv2%2Fcomments&post=9645"}],"version-history":[{"count":2,"href":"https:\/\/vesnajanko.eu\/index.php?rest_route=\/wp\/v2\/pages\/9645\/revisions"}],"predecessor-version":[{"id":9647,"href":"https:\/\/vesnajanko.eu\/index.php?rest_route=\/wp\/v2\/pages\/9645\/revisions\/9647"}],"up":[{"embeddable":true,"href":"https:\/\/vesnajanko.eu\/index.php?rest_route=\/wp\/v2\/pages\/7756"}],"wp:attachment":[{"href":"https:\/\/vesnajanko.eu\/index.php?rest_route=%2Fwp%2Fv2%2Fmedia&parent=9645"}],"curies":[{"name":"wp","href":"https:\/\/api.w.org\/{rel}","templated":true}]}}