{"id":825,"date":"2015-11-29T20:41:14","date_gmt":"2015-11-29T20:41:14","guid":{"rendered":"https:\/\/vesnajanko.eu\/?page_id=825"},"modified":"2026-04-29T05:46:54","modified_gmt":"2026-04-29T04:46:54","slug":"7-24-francuska-geografska-obiljezja","status":"publish","type":"page","link":"https:\/\/vesnajanko.eu\/?page_id=825","title":{"rendered":"Francuska"},"content":{"rendered":"\n<p class=\"has-medium-font-size\"><strong>Prirodno-geografska obilje\u017eja<\/strong><\/p>\n\n\n\n<p>Stranice ud\u017ebenika: 177. &#8211; 179.<\/p>\n\n\n\n<p><span style=\"text-decoration: underline;\">Uvod<\/span><\/p>\n\n\n\n<p>Poslu\u0161aj <strong><a href=\"https:\/\/youtu.be\/rnrckGYwTj4\" target=\"_blank\" rel=\"noopener noreferrer\">himnu Francuske<\/a><\/strong>.<br>Kako se zove himna? Kada i kako je nastala?<\/p>\n\n\n\n<p><span style=\"text-decoration: underline;\">Obrada<\/span><\/p>\n\n\n\n<iframe loading=\"lazy\" src=\"https:\/\/docs.google.com\/presentation\/d\/e\/2PACX-1vQBNUP6vbdR2pzflPDw0dSNgkgivtfpOqf5zzsl_hectFWztKdi0eDjSaCH1YM9RlKYy3QaDuAG_11g\/pubembed?start=false&#038;loop=false&#038;delayms=3000\" frameborder=\"0\" width=\"960\" height=\"569\" allowfullscreen=\"true\" mozallowfullscreen=\"true\" webkitallowfullscreen=\"true\"><\/iframe>\n\n\n\n<div style=\"height:57px\" aria-hidden=\"true\" class=\"wp-block-spacer\"><\/div>\n\n\n\n<p><strong><a href=\"https:\/\/forms.gle\/2uB49d7ajng7APhU7\" target=\"_blank\" rel=\"noreferrer noopener\">Odgovori na pitanja ovdje<\/a><\/strong>.<\/p>\n\n\n\n<p class=\"has-text-align-right\"><a href=\"https:\/\/www.scribblemaps.com\/maps\/view\/Francuska\/francuska\" target=\"_blank\" rel=\"noopener noreferrer\"><br><input class=\"button\" type=\"button\" value=\"Karta Francuske\"><br><\/a><\/p>\n\n\n\n<p class=\"has-medium-font-size\"><strong>Pitanja:<\/strong><\/p>\n\n\n\n<p>Geografski polo\u017eaj<\/p>\n\n\n\n<ol class=\"wp-block-list\">\n<li><strong>Na koja mora\/oceane izlazi Francuska?<\/strong><\/li>\n\n\n\n<li>Koji je najve\u0107i otok i poluotoci Francuske?<\/li>\n\n\n\n<li>Usporedi i opi\u0161i strmost morskih obala na zapadu i jugu.<\/li>\n\n\n\n<li><strong>S kojim dr\u017eavama grani\u010di Francuska?<\/strong><\/li>\n\n\n\n<li>Kako je Francuska povezana s Ujedinjenim Kraljevstvom?<\/li>\n<\/ol>\n\n\n\n<div style=\"height:34px\" aria-hidden=\"true\" class=\"wp-block-spacer\"><\/div>\n\n\n\n<p>Reljef<\/p>\n\n\n\n<ol class=\"wp-block-list\">\n<li><strong>Kakav reljef prevladava u Francuskoj?<\/strong><\/li>\n\n\n\n<li><strong>Koje planine\/gorja su mladog, a koja starog postanka?<\/strong><\/li>\n\n\n\n<li>Zaklju\u010di koje gospodarske djelatnosti se razvijaju u pojedinim reljefnim prostorima?<\/li>\n<\/ol>\n\n\n\n<div style=\"height:43px\" aria-hidden=\"true\" class=\"wp-block-spacer\"><\/div>\n\n\n\n<p><a href=\"http:\/\/www.klimadiagramme.de\/pics\/st_fra.html\" target=\"_blank\" rel=\"noopener noreferrer\">Klima (otvori poveznicu)<\/a><\/p>\n\n\n\n<ol class=\"wp-block-list\">\n<li><strong>Koja klima prevladava u Francuskoj<\/strong>?<\/li>\n\n\n\n<li>Zaklju\u010di gdje je ve\u0107i utjecaj maritimnosti, a gdje kontinetalnost u Francuskoj?<\/li>\n<\/ol>\n\n\n\n<div style=\"height:42px\" aria-hidden=\"true\" class=\"wp-block-spacer\"><\/div>\n\n\n\n<p class=\"has-blush-light-purple-gradient-background has-background\"><a href=\"https:\/\/vesnajanko.eu\/?page_id=825&amp;page=2\">Nastavak lekcije<\/a><\/p>\n\n\n\n<!--nextpage-->\n\n\n\n<p class=\"has-text-align-center has-white-background-color has-background has-medium-font-size\"><strong>Francuska &#8211; stanovni\u0161tvo i gospodarstvo<\/strong><\/p>\n\n\n\n<div style=\"height:45px\" aria-hidden=\"true\" class=\"wp-block-spacer\"><\/div>\n\n\n\n<p class=\"has-very-light-gray-to-cyan-bluish-gray-gradient-background has-background has-medium-font-size\"><strong><a href=\"https:\/\/forms.gle\/73F6j8Ze8DwrwgMd8\" target=\"_blank\" rel=\"noreferrer noopener\">Odgovori na pitanja ovdje.<\/a><\/strong>, stranica 180. u ud\u017ebeniku<\/p>\n\n\n\n<p><strong>Stanovni\u0161tvo i gospodarstvo<\/strong><\/p>\n\n\n\n<ol class=\"wp-block-list\">\n<li>Tko su stanovnici Francuske?<\/li>\n\n\n\n<li>Kakva je gospodarska razvijenost Francuske?<\/li>\n\n\n\n<li>Koji su izvozni proizvodi Francuske?<\/li>\n\n\n\n<li>Koje su gospodarske djelatnosti osobito razvijene?<\/li>\n\n\n\n<li>Koji im je zna\u010dajan izvor energije?<\/li>\n\n\n\n<li>Koji je gospodarski najrazvijeniji dio Francuske?<\/li>\n\n\n\n<li>\u0160to je decentralizacija? \u0160to se njome \u017eeli posti\u0107i u Francuskoj?<\/li>\n<\/ol>\n\n\n\n<div style=\"height:34px\" aria-hidden=\"true\" class=\"wp-block-spacer\"><\/div>\n\n\n\n<iframe loading=\"lazy\" src=\"https:\/\/docs.google.com\/forms\/d\/e\/1FAIpQLSdluvgA0OboqT_iLvjlt49obw-7IsGRhzvmrOaqXWoNzumu6A\/viewform?embedded=true\" width=\"840\" height=\"960\" frameborder=\"0\" marginheight=\"0\" marginwidth=\"0\">U\u010ditavanje\u2026<\/iframe>\n\n\n\n<p><a rel=\"noopener noreferrer\" href=\"http:\/\/en.educaplay.com\/en\/learningresources\/1662590\/gradovi_francuske.htm\" target=\"_blank\">Igraj i nau\u010di gradove Francuske<\/a><\/p>\n\n\n\n<p class=\"has-white-background-color has-background\"><strong><a rel=\"noreferrer noopener\" href=\"https:\/\/wordwall.net\/hr\/resource\/32863369\" target=\"_blank\">Kolo sre\u0107e<\/a><\/strong> &#8211; u\u010denici igraju u paru, jedan protiv drugoga<\/p>\n\n\n\n<p><span style=\"text-decoration: underline;\">Ponavljanje<\/span><\/p>\n\n\n\n<p>Uz pomo\u0107 svojih odgovora sastavi bilje\u0161ke u svojoj bilje\u017enici.<\/p>\n\n\n\n<hr class=\"wp-block-separator has-css-opacity\"\/>\n\n\n\n<h3 class=\"wp-block-heading has-pale-cyan-blue-background-color has-background\"><a href=\"https:\/\/docs.google.com\/document\/d\/e\/2PACX-1vSoemeBdNNTfIYltDW27OFa_oWS4eJeglocRwty4QB0OmvRW7F6XA5iitvR9wD5jO2MIH24HzfFgF7o\/pub\" target=\"_blank\" rel=\"noreferrer noopener\">Geobilje\u0161ke<\/a><\/h3>\n","protected":false},"excerpt":{"rendered":"<p>Prirodno-geografska obilje\u017eja Stranice ud\u017ebenika: 177. &#8211; 179. Uvod Poslu\u0161aj himnu Francuske.Kako se zove himna? Kada i kako je nastala? Obrada Odgovori na pitanja ovdje. Pitanja: Geografski polo\u017eaj Reljef Klima (otvori poveznicu) Nastavak lekcije<\/p>\n","protected":false},"author":1,"featured_media":0,"parent":6278,"menu_order":0,"comment_status":"closed","ping_status":"closed","template":"templates\/page-full-width.php","meta":{"footnotes":""},"class_list":["post-825","page","type-page","status-publish","hentry"],"_links":{"self":[{"href":"https:\/\/vesnajanko.eu\/index.php?rest_route=\/wp\/v2\/pages\/825","targetHints":{"allow":["GET"]}}],"collection":[{"href":"https:\/\/vesnajanko.eu\/index.php?rest_route=\/wp\/v2\/pages"}],"about":[{"href":"https:\/\/vesnajanko.eu\/index.php?rest_route=\/wp\/v2\/types\/page"}],"author":[{"embeddable":true,"href":"https:\/\/vesnajanko.eu\/index.php?rest_route=\/wp\/v2\/users\/1"}],"replies":[{"embeddable":true,"href":"https:\/\/vesnajanko.eu\/index.php?rest_route=%2Fwp%2Fv2%2Fcomments&post=825"}],"version-history":[{"count":48,"href":"https:\/\/vesnajanko.eu\/index.php?rest_route=\/wp\/v2\/pages\/825\/revisions"}],"predecessor-version":[{"id":10259,"href":"https:\/\/vesnajanko.eu\/index.php?rest_route=\/wp\/v2\/pages\/825\/revisions\/10259"}],"up":[{"embeddable":true,"href":"https:\/\/vesnajanko.eu\/index.php?rest_route=\/wp\/v2\/pages\/6278"}],"wp:attachment":[{"href":"https:\/\/vesnajanko.eu\/index.php?rest_route=%2Fwp%2Fv2%2Fmedia&parent=825"}],"curies":[{"name":"wp","href":"https:\/\/api.w.org\/{rel}","templated":true}]}}