{"id":813,"date":"2015-11-29T18:49:34","date_gmt":"2015-11-29T18:49:34","guid":{"rendered":"https:\/\/vesnajanko.eu\/?page_id=813"},"modified":"2026-01-20T16:36:25","modified_gmt":"2026-01-20T15:36:25","slug":"6-22-nafta-i-voda-upravljaju-zivotom-azije","status":"publish","type":"page","link":"https:\/\/vesnajanko.eu\/?page_id=813","title":{"rendered":"Zna\u010denje nafte u Aziji"},"content":{"rendered":"\n<p><span style=\"text-decoration: underline;\">Uvod i glavni dio sata<\/span><\/p>\n\n\n\n<ul class=\"wp-block-list\">\n<li>poticanje znati\u017eelje i najava<\/li>\n\n\n\n<li>nau\u010diti temeljne pojmove: pustinja, nafta, zemni plin, naftovod, tankeri<\/li>\n\n\n\n<li>pa\u017eljivo slu\u0161anje i bilje\u017eenje<\/li>\n\n\n\n<li>\u010ditanje op\u0107e i tematske karte, grafikona\n<ul class=\"wp-block-list\">\n<li><\/li>\n<\/ul>\n<\/li>\n<\/ul>\n\n\n\n<p class=\"has-pale-ocean-gradient-background has-background\">Pogledaj <strong><a href=\"https:\/\/docs.google.com\/presentation\/d\/e\/2PACX-1vR_mn7jXic48SrowBbVxlfSv_FibeKOTVbnwHdVWmJ5Ij1sxitZR2zEAgf_QiaE5PiKWik-jNKyjJix\/pub?start=false&amp;loop=false&amp;delayms=3000\" target=\"_blank\" rel=\"noreferrer noopener\">prezentaciju<\/a><\/strong>.<\/p>\n\n\n\n<p><span style=\"text-decoration: underline;\">Zavr\u0161ni dio sata<\/span><\/p>\n\n\n\n<p class=\"has-very-light-gray-to-cyan-bluish-gray-gradient-background has-background\"><strong><a href=\"https:\/\/forms.gle\/ZxZua8ueCFGLASzF8\" target=\"_blank\" rel=\"noreferrer noopener\">Odgovori na pitanja<\/a><\/strong><\/p>\n\n\n\n<ul class=\"wp-block-list\">\n<li>formativno vrednovanje<\/li>\n<\/ul>\n\n\n\n<p>Vje\u017eba Quizlet: <a href=\"https:\/\/quizlet.com\/_42ckuq\" target=\"_blank\" rel=\"noopener noreferrer\"><strong>Nafta i voda Azije<\/strong><\/a><\/p>\n\n\n\n<hr class=\"wp-block-separator has-css-opacity\"\/>\n\n\n\n<p class=\"has-pale-cyan-blue-background-color has-background has-medium-font-size\">Geobilje\u017enica<\/p>\n\n\n\n<p class=\"has-text-align-center\"><span style=\"text-decoration: underline;\">Zna\u010denje nafte u Aziji<\/span><\/p>\n\n\n\n<ul class=\"wp-block-list\">\n<li><strong>nafta<\/strong>&nbsp;(40% svjetske proizvodnje) i prirodni plin \u2013 najve\u0107e bogatstvo Azije <\/li>\n\n\n\n<li>vi\u0161e od 50% zaliha nafte je u Aziji<\/li>\n\n\n\n<li>najve\u0107i proizvo\u0111a\u010di iz Azije: Saudijska Arabija, Ruska Federacija, Irak, Iran, Kina<\/li>\n\n\n\n<li>promijenjen na\u010din \u017eivota u jugozapadnoj i sredi\u0161njoj Aziji nakon pronalaska nafte<\/li>\n\n\n\n<li>tankeri, naftovodi, plinovodi, rafinerije<\/li>\n\n\n\n<li>ekolo\u0161ke katastrofe, terorizam i ratovi<\/li>\n<\/ul>\n","protected":false},"excerpt":{"rendered":"<p>Uvod i glavni dio sata Pogledaj prezentaciju. Zavr\u0161ni dio sata Odgovori na pitanja Vje\u017eba Quizlet: Nafta i voda Azije Geobilje\u017enica Zna\u010denje nafte u Aziji<\/p>\n","protected":false},"author":1,"featured_media":0,"parent":7242,"menu_order":0,"comment_status":"closed","ping_status":"closed","template":"","meta":{"footnotes":""},"class_list":["post-813","page","type-page","status-publish","hentry"],"_links":{"self":[{"href":"https:\/\/vesnajanko.eu\/index.php?rest_route=\/wp\/v2\/pages\/813","targetHints":{"allow":["GET"]}}],"collection":[{"href":"https:\/\/vesnajanko.eu\/index.php?rest_route=\/wp\/v2\/pages"}],"about":[{"href":"https:\/\/vesnajanko.eu\/index.php?rest_route=\/wp\/v2\/types\/page"}],"author":[{"embeddable":true,"href":"https:\/\/vesnajanko.eu\/index.php?rest_route=\/wp\/v2\/users\/1"}],"replies":[{"embeddable":true,"href":"https:\/\/vesnajanko.eu\/index.php?rest_route=%2Fwp%2Fv2%2Fcomments&post=813"}],"version-history":[{"count":30,"href":"https:\/\/vesnajanko.eu\/index.php?rest_route=\/wp\/v2\/pages\/813\/revisions"}],"predecessor-version":[{"id":10220,"href":"https:\/\/vesnajanko.eu\/index.php?rest_route=\/wp\/v2\/pages\/813\/revisions\/10220"}],"up":[{"embeddable":true,"href":"https:\/\/vesnajanko.eu\/index.php?rest_route=\/wp\/v2\/pages\/7242"}],"wp:attachment":[{"href":"https:\/\/vesnajanko.eu\/index.php?rest_route=%2Fwp%2Fv2%2Fmedia&parent=813"}],"curies":[{"name":"wp","href":"https:\/\/api.w.org\/{rel}","templated":true}]}}