{"id":7839,"date":"2023-01-15T14:18:54","date_gmt":"2023-01-15T13:18:54","guid":{"rendered":"https:\/\/vesnajanko.eu\/?page_id=7839"},"modified":"2026-01-25T16:33:38","modified_gmt":"2026-01-25T15:33:38","slug":"drustveno-geografska-obiljezja-srednje-europe","status":"publish","type":"page","link":"https:\/\/vesnajanko.eu\/?page_id=7839","title":{"rendered":"Dru\u0161tveno-geografska obilje\u017eja Srednje Europe"},"content":{"rendered":"\n<p class=\"has-pale-ocean-gradient-background has-background\"><a href=\"https:\/\/drive.google.com\/file\/d\/1c5NG1MQSpPf3FrBF3QSUSAp7ns3hg-gO\/view?usp=sharing\" target=\"_blank\" rel=\"noreferrer noopener\">Stanovni\u0161tvo Srednje Europe &#8211; pogledaj prezentaciju.<\/a><\/p>\n\n\n\n<p class=\"has-blush-light-purple-gradient-background has-background\"><a href=\"https:\/\/docs.google.com\/presentation\/d\/e\/2PACX-1vQVtkBlZYeS9LWJaWmVX7FeAFqwOtk2C-94JZefaVC-7M7_hNFKmXnxXIX3iy5CejJj7gf9NIBLeMzI\/pub?start=false&amp;loop=false&amp;delayms=3000\" target=\"_blank\" rel=\"noreferrer noopener\">Gospodarstvo Srednje Europe<\/a><br><strong><a href=\"https:\/\/forms.gle\/MvoPHWfsympnQb7M6\" target=\"_blank\" rel=\"noreferrer noopener\">Odgovori na pitanja ovdje<\/a><\/strong>.<\/p>\n\n\n\n<p class=\"has-pale-cyan-blue-background-color has-background has-medium-font-size\">Geobilje\u0161ke<\/p>\n\n\n\n<p class=\"has-text-align-center\"><span style=\"text-decoration: underline;\">Dru\u0161tveno-geografska obilje\u017eja Srednje Europe<\/span><\/p>\n\n\n\n<p>-raznolikost jezika i naroda, ali zajedni\u010dka pro\u0161lost i kultura<br>-sve dr\u017eave me\u0111u najrazvijenijima u svijetu, BND po stanovniku me\u0111u najvi\u0161ima<br>-najgu\u0161\u0107e je naseljena dolina Rajne, a posebno ruhrsko-rajnsko podru\u010dje u Njema\u010dkoj<br>-najslabije su naseljeni mo\u010dvarni i manje plodni predjeli Njema\u010dko-poljske nizine i visokoplaninski predjeli<br>-danas ve\u0107ina srednjoeuropskog stanovni\u0161tva \u017eivi u gradovima, a sela su urbanizirana<br>-Njema\u010dka, \u0160vicarska i Austrija i danas su srednjoeuropske dr\u017eave s najizra\u017eenijom imigracijom<br>-poljoprivredna napredna s visokim prinosima<br>-razvijena raznovrsna industrija<br>-tercijarne djelatnosti: promet, trgovina i turizam<\/p>\n","protected":false},"excerpt":{"rendered":"<p>Stanovni\u0161tvo Srednje Europe &#8211; pogledaj prezentaciju. Gospodarstvo Srednje EuropeOdgovori na pitanja ovdje. Geobilje\u0161ke Dru\u0161tveno-geografska obilje\u017eja Srednje Europe -raznolikost jezika i naroda, ali zajedni\u010dka pro\u0161lost i kultura-sve dr\u017eave me\u0111u najrazvijenijima u svijetu, BND po stanovniku me\u0111u najvi\u0161ima-najgu\u0161\u0107e je naseljena dolina Rajne, a posebno ruhrsko-rajnsko podru\u010dje u Njema\u010dkoj-najslabije su naseljeni mo\u010dvarni i&#8230; <a href=\"https:\/\/vesnajanko.eu\/?page_id=7839\" class=\"readmore\">Vi\u0161e<span class=\"screen-reader-text\">&#8220;Dru\u0161tveno-geografska obilje\u017eja Srednje Europe&#8221;<\/span><\/a><\/p>\n","protected":false},"author":1,"featured_media":0,"parent":7756,"menu_order":0,"comment_status":"closed","ping_status":"closed","template":"templates\/page-full-width.php","meta":{"footnotes":""},"class_list":["post-7839","page","type-page","status-publish","hentry"],"_links":{"self":[{"href":"https:\/\/vesnajanko.eu\/index.php?rest_route=\/wp\/v2\/pages\/7839","targetHints":{"allow":["GET"]}}],"collection":[{"href":"https:\/\/vesnajanko.eu\/index.php?rest_route=\/wp\/v2\/pages"}],"about":[{"href":"https:\/\/vesnajanko.eu\/index.php?rest_route=\/wp\/v2\/types\/page"}],"author":[{"embeddable":true,"href":"https:\/\/vesnajanko.eu\/index.php?rest_route=\/wp\/v2\/users\/1"}],"replies":[{"embeddable":true,"href":"https:\/\/vesnajanko.eu\/index.php?rest_route=%2Fwp%2Fv2%2Fcomments&post=7839"}],"version-history":[{"count":13,"href":"https:\/\/vesnajanko.eu\/index.php?rest_route=\/wp\/v2\/pages\/7839\/revisions"}],"predecessor-version":[{"id":10223,"href":"https:\/\/vesnajanko.eu\/index.php?rest_route=\/wp\/v2\/pages\/7839\/revisions\/10223"}],"up":[{"embeddable":true,"href":"https:\/\/vesnajanko.eu\/index.php?rest_route=\/wp\/v2\/pages\/7756"}],"wp:attachment":[{"href":"https:\/\/vesnajanko.eu\/index.php?rest_route=%2Fwp%2Fv2%2Fmedia&parent=7839"}],"curies":[{"name":"wp","href":"https:\/\/api.w.org\/{rel}","templated":true}]}}