{"id":7767,"date":"2022-12-11T18:06:35","date_gmt":"2022-12-11T17:06:35","guid":{"rendered":"https:\/\/vesnajanko.eu\/?page_id=7767"},"modified":"2025-01-13T17:27:48","modified_gmt":"2025-01-13T16:27:48","slug":"prirodno-geografska-obiljezja-srednje-europe","status":"publish","type":"page","link":"https:\/\/vesnajanko.eu\/?page_id=7767","title":{"rendered":"Prirodno-geografska obilje\u017eja Srednje Europe"},"content":{"rendered":"\n<p>Stranice u ud\u017ebeniku: 90. &#8211; 95.<\/p>\n\n\n\n<p class=\"has-pale-ocean-gradient-background has-background\"><a rel=\"noreferrer noopener\" href=\"https:\/\/docs.google.com\/presentation\/d\/e\/2PACX-1vSAgGfZt-i4mcONI3DLSrdE631LrvuCqeZG5_6j5S6PAiNkWIAiRgAlWA9kSSRNVd6Ws88p1h_9r7aR\/pub?start=false&amp;loop=false&amp;delayms=3000\" target=\"_blank\"><strong>Pogledaj prezentaciju<\/strong><\/a><\/p>\n\n\n\n<iframe loading=\"lazy\" src=\"https:\/\/docs.google.com\/presentation\/d\/e\/2PACX-1vSAgGfZt-i4mcONI3DLSrdE631LrvuCqeZG5_6j5S6PAiNkWIAiRgAlWA9kSSRNVd6Ws88p1h_9r7aR\/embed?start=false&#038;loop=false&#038;delayms=3000\" frameborder=\"0\" width=\"1280\" height=\"749\" allowfullscreen=\"true\" mozallowfullscreen=\"true\" webkitallowfullscreen=\"true\"><\/iframe>\n\n\n\n<p class=\"has-pale-cyan-blue-background-color has-background has-medium-font-size\">Geobilje\u0161ke<\/p>\n\n\n\n<p class=\"has-text-align-center\"><span style=\"text-decoration: underline;\">Prirodno-geografska obilje\u017eja Srednje Europe<\/span><\/p>\n\n\n\n<p>&#8211; regija izme\u0111u Sjevernog i Balti\u010dkog more te Jadranskog mora<br>&#8211; prometno va\u017ean prostor za povezivanje europskih regija<br>Reljefne cjeline:<br>&#8211; Njema\u010dko-poljska nizina &#8211; oblici nastali u ledeno doba<br>&#8211; stara gorja i pobr\u0111a &#8211; u Njema\u010dkoj i \u010ce\u0161koj, niske, zaobljene, bogate rudama<br>&#8211; mlade planine &#8211; Alpe, Karpati, Jura<br>&#8211; Panonska nizina &#8211; pogodna za poljoprivredu<br>Klima: <br>&#8211; prevladava umjerena topla vla\u017ena, prema istoku pod utjecajem kontinentalnosti, na vi\u0161i prostori imaju vla\u017enu snje\u017eno-\u0161umsku klimu<br>Rijeke:<br>&#8211; Dunav, Rajna, Wesera, Laba, Visla, Odra, izvor Rhone<br>&#8211; prometno va\u017ean kanal Rajna &#8211; Majna &#8211; Dunav<\/p>\n","protected":false},"excerpt":{"rendered":"<p>Stranice u ud\u017ebeniku: 90. &#8211; 95. Pogledaj prezentaciju Geobilje\u0161ke Prirodno-geografska obilje\u017eja Srednje Europe &#8211; regija izme\u0111u Sjevernog i Balti\u010dkog more te Jadranskog mora&#8211; prometno va\u017ean prostor za povezivanje europskih regijaReljefne cjeline:&#8211; Njema\u010dko-poljska nizina &#8211; oblici nastali u ledeno doba&#8211; stara gorja i pobr\u0111a &#8211; u Njema\u010dkoj i \u010ce\u0161koj, niske, zaobljene,&#8230; <a href=\"https:\/\/vesnajanko.eu\/?page_id=7767\" class=\"readmore\">Vi\u0161e<span class=\"screen-reader-text\">&#8220;Prirodno-geografska obilje\u017eja Srednje Europe&#8221;<\/span><\/a><\/p>\n","protected":false},"author":1,"featured_media":0,"parent":7756,"menu_order":1,"comment_status":"closed","ping_status":"closed","template":"templates\/page-full-width.php","meta":{"footnotes":""},"class_list":["post-7767","page","type-page","status-publish","hentry"],"_links":{"self":[{"href":"https:\/\/vesnajanko.eu\/index.php?rest_route=\/wp\/v2\/pages\/7767","targetHints":{"allow":["GET"]}}],"collection":[{"href":"https:\/\/vesnajanko.eu\/index.php?rest_route=\/wp\/v2\/pages"}],"about":[{"href":"https:\/\/vesnajanko.eu\/index.php?rest_route=\/wp\/v2\/types\/page"}],"author":[{"embeddable":true,"href":"https:\/\/vesnajanko.eu\/index.php?rest_route=\/wp\/v2\/users\/1"}],"replies":[{"embeddable":true,"href":"https:\/\/vesnajanko.eu\/index.php?rest_route=%2Fwp%2Fv2%2Fcomments&post=7767"}],"version-history":[{"count":5,"href":"https:\/\/vesnajanko.eu\/index.php?rest_route=\/wp\/v2\/pages\/7767\/revisions"}],"predecessor-version":[{"id":9575,"href":"https:\/\/vesnajanko.eu\/index.php?rest_route=\/wp\/v2\/pages\/7767\/revisions\/9575"}],"up":[{"embeddable":true,"href":"https:\/\/vesnajanko.eu\/index.php?rest_route=\/wp\/v2\/pages\/7756"}],"wp:attachment":[{"href":"https:\/\/vesnajanko.eu\/index.php?rest_route=%2Fwp%2Fv2%2Fmedia&parent=7767"}],"curies":[{"name":"wp","href":"https:\/\/api.w.org\/{rel}","templated":true}]}}

Prirodno-geografska obilježja Srednje Europe

<p>Stranice u udžbeniku: 90. &#8211; 95.</p>



<p class="has-pale-ocean-gradient-background has-background"><a rel="noreferrer noopener" href="https://docs.google.com/presentation/d/e/2PACX-1vSAgGfZt-i4mcONI3DLSrdE631LrvuCqeZG5_6j5S6PAiNkWIAiRgAlWA9kSSRNVd6Ws88p1h_9r7aR/pub?start=false&amp;loop=false&amp;delayms=3000" target="_blank"><strong>Pogledaj prezentaciju</strong></a></p>



<iframe loading="lazy" src="https://docs.google.com/presentation/d/e/2PACX-1vSAgGfZt-i4mcONI3DLSrdE631LrvuCqeZG5_6j5S6PAiNkWIAiRgAlWA9kSSRNVd6Ws88p1h_9r7aR/embed?start=false&#038;loop=false&#038;delayms=3000" frameborder="0" width="1280" height="749" allowfullscreen="true" mozallowfullscreen="true" webkitallowfullscreen="true"></iframe>



<p class="has-pale-cyan-blue-background-color has-background has-medium-font-size">Geobilješke</p>



<p class="has-text-align-center"><span style="text-decoration: underline;">Prirodno-geografska obilježja Srednje Europe</span></p>



<p>&#8211; regija između Sjevernog i Baltičkog more te Jadranskog mora<br>&#8211; prometno važan prostor za povezivanje europskih regija<br>Reljefne cjeline:<br>&#8211; Njemačko-poljska nizina &#8211; oblici nastali u ledeno doba<br>&#8211; stara gorja i pobrđa &#8211; u Njemačkoj i Češkoj, niske, zaobljene, bogate rudama<br>&#8211; mlade planine &#8211; Alpe, Karpati, Jura<br>&#8211; Panonska nizina &#8211; pogodna za poljoprivredu<br>Klima: <br>&#8211; prevladava umjerena topla vlažna, prema istoku pod utjecajem kontinentalnosti, na viši prostori imaju vlažnu snježno-šumsku klimu<br>Rijeke:<br>&#8211; Dunav, Rajna, Wesera, Laba, Visla, Odra, izvor Rhone<br>&#8211; prometno važan kanal Rajna &#8211; Majna &#8211; Dunav</p>

<p>Stranice u udžbeniku: 90. &#8211; 95. Pogledaj prezentaciju Geobilješke Prirodno-geografska obilježja Srednje Europe &#8211; regija između Sjevernog i Baltičkog more te Jadranskog mora&#8211; prometno važan prostor za povezivanje europskih regijaReljefne cjeline:&#8211; Njemačko-poljska nizina &#8211; oblici nastali u ledeno doba&#8211; stara gorja i pobrđa &#8211; u Njemačkoj i Češkoj, niske, zaobljene,&#8230; <a href="https://vesnajanko.eu/?page_id=7767" class="readmore">Više<span class="screen-reader-text">&#8220;Prirodno-geografska obilježja Srednje Europe&#8221;</span></a></p>
