{"id":7756,"date":"2022-12-11T14:50:05","date_gmt":"2022-12-11T13:50:05","guid":{"rendered":"https:\/\/vesnajanko.eu\/?page_id=7756"},"modified":"2025-02-16T18:01:21","modified_gmt":"2025-02-16T17:01:21","slug":"7-3-regije-kojima-pripada-hrvatska","status":"publish","type":"page","link":"https:\/\/vesnajanko.eu\/?page_id=7756","title":{"rendered":"7.3. Srednja i Ju\u017ena Europa"},"content":{"rendered":"\n<p class=\"has-medium-font-size\">U ud\u017ebeniku 90. &#8211; 135. stranice.<\/p>\n\n\n\n<figure class=\"wp-block-table is-style-stripes\"><table><thead><tr><th>Red. br.<br>sata<\/th><th>Podteme (lekcije)<\/th><th>plan<\/th><\/tr><\/thead><tbody><tr><td><\/td><td><a href=\"https:\/\/vesnajanko.eu\/?page_id=7767\">Prirodno-geografska obilje\u017eja Srednje Europe<\/a><\/td><td><\/td><\/tr><tr><td><\/td><td><a href=\"https:\/\/vesnajanko.eu\/?page_id=7839\">Dru\u0161tveno-geografska obilje\u017eja Srednje Europe<\/a><\/td><td><\/td><\/tr><tr><td><\/td><td><a href=\"https:\/\/vesnajanko.eu\/?page_id=1021\">Njema\u010dka &#8211; geografska obilje\u017eja<\/a><\/td><td><\/td><\/tr><tr><td><\/td><td><a href=\"https:\/\/vesnajanko.eu\/?page_id=1025\">Njema\u010dka &#8211; regionalna obilje\u017eja<\/a><\/td><td><\/td><\/tr><tr><td><\/td><td><a href=\"https:\/\/vesnajanko.eu\/?page_id=9630\">Prirodno-geografska obilje\u017eja Ju\u017ene Europe<\/a><\/td><td><\/td><\/tr><tr><td><\/td><td><a href=\"https:\/\/vesnajanko.eu\/?page_id=9645\">Dru\u0161tveno-geografska obilje\u017eja Ju\u017ene Europe<\/a><\/td><td><\/td><\/tr><tr><td><\/td><td><a href=\"https:\/\/vesnajanko.eu\/?page_id=1170\">Italija &#8211; geografska obilje\u017eja<\/a><\/td><td><\/td><\/tr><tr><td><\/td><td><a href=\"https:\/\/vesnajanko.eu\/?page_id=4590\">Italija &#8211; regionalna obilje\u017eja<\/a><\/td><td><\/td><\/tr><tr><td><\/td><td>Srednja i Ju\u017ena Europa &#8211; ponavljanje i provjera<\/td><td><\/td><\/tr><\/tbody><\/table><\/figure>\n\n\n\n<p class=\"has-light-green-cyan-background-color has-background has-medium-font-size\">Geografsko znanje (geoznanje) &#8211; sa\u017eetak teme<\/p>\n\n\n\n<p>Odaberi&nbsp;<strong>jedan (1)<\/strong>&nbsp;od ponu\u0111enih zadataka:<br>1. Izradi umnu mapu Srednje Europe u kojoj \u0107e\u0161 granati: geografski polo\u017eaj, reljefne cjeline, tipovi klime, rijeke i jezera, naseljenost i gospodarstvo.<br>2. Izradi umnu mapu Ju\u017ene Europe u kojoj \u0107e\u0161 granati: geografski polo\u017eaj, reljefne cjeline, tipovi klime, rijeke i jezera, naseljenost i gospodarstvo.<br>3. Izradi <a href=\"https:\/\/www.mindonmap.com\/hr\/blog\/venn-diagram\/\" target=\"_blank\" rel=\"noreferrer noopener\">Vennov dijagram<\/a> u kojem \u0107e\u0161 usporediti geografske posebnosti Srednje i Ju\u017ene Europe, a u prostoru sjeci\u0161ta \u0161to im je zajedni\u010dko.<\/p>\n\n\n\n<p class=\"has-light-green-cyan-background-color has-background has-medium-font-size\">Geografija i \u017eivot (geo\u017eivot) &#8211; kratko istra\u017eivanje i sastavak<\/p>\n\n\n\n<p>Odaberi tri (3) turisti\u010dke destinacije iz Srednje i Ju\u017ene Europe koje bi rado posjetio-la pa ih ukratko opi\u0161i.<\/p>\n\n\n\n<p class=\"has-luminous-vivid-amber-background-color has-background has-medium-font-size\">Samovrednovanje<\/p>\n\n\n\n<figure class=\"wp-block-table\"><table><tbody><tr><td><strong>Procijeni svoje\u2026<\/strong><\/td><td>1, 2, 3<\/td><\/tr><tr><td>nau\u010deno znanje za ovu temu<\/td><td><\/td><\/tr><tr><td>aktivnosti na nastavi<\/td><td><\/td><\/tr><tr><td>pona\u0161anje na nastavi<\/td><td>.<\/td><\/tr><\/tbody><\/table><\/figure>\n","protected":false},"excerpt":{"rendered":"<p>U ud\u017ebeniku 90. &#8211; 135. stranice. Red. br.sata Podteme (lekcije) plan Prirodno-geografska obilje\u017eja Srednje Europe Dru\u0161tveno-geografska obilje\u017eja Srednje Europe Njema\u010dka &#8211; geografska obilje\u017eja Njema\u010dka &#8211; regionalna obilje\u017eja Prirodno-geografska obilje\u017eja Ju\u017ene Europe Dru\u0161tveno-geografska obilje\u017eja Ju\u017ene Europe Italija &#8211; geografska obilje\u017eja Italija &#8211; regionalna obilje\u017eja Srednja i Ju\u017ena Europa &#8211; ponavljanje i&#8230; <a href=\"https:\/\/vesnajanko.eu\/?page_id=7756\" class=\"readmore\">Vi\u0161e<span class=\"screen-reader-text\">&#8220;7.3. Srednja i Ju\u017ena Europa&#8221;<\/span><\/a><\/p>\n","protected":false},"author":1,"featured_media":0,"parent":6278,"menu_order":3,"comment_status":"closed","ping_status":"closed","template":"","meta":{"footnotes":""},"class_list":["post-7756","page","type-page","status-publish","hentry"],"_links":{"self":[{"href":"https:\/\/vesnajanko.eu\/index.php?rest_route=\/wp\/v2\/pages\/7756","targetHints":{"allow":["GET"]}}],"collection":[{"href":"https:\/\/vesnajanko.eu\/index.php?rest_route=\/wp\/v2\/pages"}],"about":[{"href":"https:\/\/vesnajanko.eu\/index.php?rest_route=\/wp\/v2\/types\/page"}],"author":[{"embeddable":true,"href":"https:\/\/vesnajanko.eu\/index.php?rest_route=\/wp\/v2\/users\/1"}],"replies":[{"embeddable":true,"href":"https:\/\/vesnajanko.eu\/index.php?rest_route=%2Fwp%2Fv2%2Fcomments&post=7756"}],"version-history":[{"count":24,"href":"https:\/\/vesnajanko.eu\/index.php?rest_route=\/wp\/v2\/pages\/7756\/revisions"}],"predecessor-version":[{"id":9648,"href":"https:\/\/vesnajanko.eu\/index.php?rest_route=\/wp\/v2\/pages\/7756\/revisions\/9648"}],"up":[{"embeddable":true,"href":"https:\/\/vesnajanko.eu\/index.php?rest_route=\/wp\/v2\/pages\/6278"}],"wp:attachment":[{"href":"https:\/\/vesnajanko.eu\/index.php?rest_route=%2Fwp%2Fv2%2Fmedia&parent=7756"}],"curies":[{"name":"wp","href":"https:\/\/api.w.org\/{rel}","templated":true}]}}

7.3. Srednja i Južna Europa

<p class="has-medium-font-size">U udžbeniku 90. &#8211; 135. stranice.</p>



<figure class="wp-block-table is-style-stripes"><table><thead><tr><th>Red. br.<br>sata</th><th>Podteme (lekcije)</th><th>plan</th></tr></thead><tbody><tr><td></td><td><a href="https://vesnajanko.eu/?page_id=7767">Prirodno-geografska obilježja Srednje Europe</a></td><td></td></tr><tr><td></td><td><a href="https://vesnajanko.eu/?page_id=7839">Društveno-geografska obilježja Srednje Europe</a></td><td></td></tr><tr><td></td><td><a href="https://vesnajanko.eu/?page_id=1021">Njemačka &#8211; geografska obilježja</a></td><td></td></tr><tr><td></td><td><a href="https://vesnajanko.eu/?page_id=1025">Njemačka &#8211; regionalna obilježja</a></td><td></td></tr><tr><td></td><td><a href="https://vesnajanko.eu/?page_id=9630">Prirodno-geografska obilježja Južne Europe</a></td><td></td></tr><tr><td></td><td><a href="https://vesnajanko.eu/?page_id=9645">Društveno-geografska obilježja Južne Europe</a></td><td></td></tr><tr><td></td><td><a href="https://vesnajanko.eu/?page_id=1170">Italija &#8211; geografska obilježja</a></td><td></td></tr><tr><td></td><td><a href="https://vesnajanko.eu/?page_id=4590">Italija &#8211; regionalna obilježja</a></td><td></td></tr><tr><td></td><td>Srednja i Južna Europa &#8211; ponavljanje i provjera</td><td></td></tr></tbody></table></figure>



<p class="has-light-green-cyan-background-color has-background has-medium-font-size">Geografsko znanje (geoznanje) &#8211; sažetak teme</p>



<p>Odaberi&nbsp;<strong>jedan (1)</strong>&nbsp;od ponuđenih zadataka:<br>1. Izradi umnu mapu Srednje Europe u kojoj ćeš granati: geografski položaj, reljefne cjeline, tipovi klime, rijeke i jezera, naseljenost i gospodarstvo.<br>2. Izradi umnu mapu Južne Europe u kojoj ćeš granati: geografski položaj, reljefne cjeline, tipovi klime, rijeke i jezera, naseljenost i gospodarstvo.<br>3. Izradi <a href="https://www.mindonmap.com/hr/blog/venn-diagram/" target="_blank" rel="noreferrer noopener">Vennov dijagram</a> u kojem ćeš usporediti geografske posebnosti Srednje i Južne Europe, a u prostoru sjecišta što im je zajedničko.</p>



<p class="has-light-green-cyan-background-color has-background has-medium-font-size">Geografija i život (geoživot) &#8211; kratko istraživanje i sastavak</p>



<p>Odaberi tri (3) turističke destinacije iz Srednje i Južne Europe koje bi rado posjetio-la pa ih ukratko opiši.</p>



<p class="has-luminous-vivid-amber-background-color has-background has-medium-font-size">Samovrednovanje</p>



<figure class="wp-block-table"><table><tbody><tr><td><strong>Procijeni svoje…</strong></td><td>1, 2, 3</td></tr><tr><td>naučeno znanje za ovu temu</td><td></td></tr><tr><td>aktivnosti na nastavi</td><td></td></tr><tr><td>ponašanje na nastavi</td><td>.</td></tr></tbody></table></figure>

<p>U udžbeniku 90. &#8211; 135. stranice. Red. br.sata Podteme (lekcije) plan Prirodno-geografska obilježja Srednje Europe Društveno-geografska obilježja Srednje Europe Njemačka &#8211; geografska obilježja Njemačka &#8211; regionalna obilježja Prirodno-geografska obilježja Južne Europe Društveno-geografska obilježja Južne Europe Italija &#8211; geografska obilježja Italija &#8211; regionalna obilježja Srednja i Južna Europa &#8211; ponavljanje i&#8230; <a href="https://vesnajanko.eu/?page_id=7756" class="readmore">Više<span class="screen-reader-text">&#8220;7.3. Srednja i Južna Europa&#8221;</span></a></p>
