{"id":7473,"date":"2022-10-18T16:11:35","date_gmt":"2022-10-18T15:11:35","guid":{"rendered":"https:\/\/vesnajanko.eu\/?page_id=7473"},"modified":"2025-10-29T07:56:38","modified_gmt":"2025-10-29T06:56:38","slug":"svemir","status":"publish","type":"page","link":"https:\/\/vesnajanko.eu\/?page_id=7473","title":{"rendered":"Svemir"},"content":{"rendered":"\n<p>Ud\u017ebenik: 20. &#8211; 22.<\/p>\n\n\n\n<p><a href=\"https:\/\/youtu.be\/hdjL8WXjlGI?si=CaTTo87eUxY3GKu-\" target=\"_blank\" rel=\"noreferrer noopener\">Star Trek &#8211; motivacija<\/a><\/p>\n\n\n\n<p>Znam &#8211; nau\u010dio\/la sam &#8211; \u017eelim znati (KWL) aktivnost<\/p>\n\n\n\n<figure class=\"wp-block-table\"><table class=\"has-fixed-layout\"><tbody><tr><td>Znam<\/td><td>\u017eelim znati<\/td><td>nau\u010dio\/la sam<\/td><\/tr><tr><td>.<br>.<\/td><td><\/td><td><\/td><\/tr><\/tbody><\/table><\/figure>\n\n\n\n<p class=\"has-pale-ocean-gradient-background has-background\"><a href=\"https:\/\/drive.google.com\/file\/d\/1A20j5MwMW1km-Jh5oOHQ8DqNxO2CvUqK\/view?usp=sharing\" target=\"_blank\" rel=\"noreferrer noopener\">PDF prezentacija<\/a><\/p>\n\n\n\n<p>Video lekcija: <a rel=\"noreferrer noopener\" href=\"https:\/\/www.youtube.com\/watch?v=t_Qgw_EsN-w\" data-type=\"link\" data-id=\"https:\/\/www.youtube.com\/watch?v=t_Qgw_EsN-w\" target=\"_blank\">Kako je svemir <\/a><a rel=\"noreferrer noopener\" href=\"https:\/\/www.youtube.com\/watch?v=t_Qgw_EsN-w\" data-type=\"link\" data-id=\"https:\/\/www.youtube.com\/watch?v=t_Qgw_EsN-w\" target=\"_blank\">(vjerojatno)<\/a> <a rel=\"noreferrer noopener\" href=\"https:\/\/www.youtube.com\/watch?v=t_Qgw_EsN-w\" data-type=\"link\" data-id=\"https:\/\/www.youtube.com\/watch?v=t_Qgw_EsN-w\" target=\"_blank\">slu\u010dajno nastao iz ni\u010dega?<\/a> &#8211; prof. dr. sc. Ivica Puljak<\/p>\n\n\n\n<p>Kratki video: <a href=\"https:\/\/youtu.be\/HdPzOWlLrbE?si=-0oW-ehty59baQ_B\" target=\"_blank\" rel=\"noreferrer noopener\">Origins of the Universe 101 | National Geographic<\/a><\/p>\n\n\n\n<p>Kratki animirani video: <a href=\"https:\/\/youtu.be\/DmUiCweDic4?si=KIydnreoPDGYOm77\" target=\"_blank\" rel=\"noreferrer noopener\">The beginning of the universe, for beginners &#8211; Tom Whyntie<\/a><\/p>\n\n\n\n<p class=\"has-pale-cyan-blue-background-color has-background\"><strong>Geobilje\u0161ke<\/strong>:<\/p>\n\n\n\n<p class=\"has-text-align-center\"><strong><span style=\"text-decoration: underline;\">Svemir<\/span><\/strong><\/p>\n\n\n\n<ul class=\"wp-block-list\">\n<li>svemir &#8211; sva energija i materija u bezgrani\u010dnom prostoru<\/li>\n\n\n\n<li>nastao Velikim praskom prije 13.8 milijardi godina<\/li>\n\n\n\n<li>95% tamna tvar i tamna energija, vidljivi svemir 5% (3\/4 vodik, 1\/4 helij&#8230;)<\/li>\n\n\n\n<li>zvijezde &#8211; vru\u0107e plinovite kugle, nastale sa\u017eimanjem vidljive tvari, u unutra\u0161njosti nuklearne reakcije, osloba\u0111aju energiju<\/li>\n\n\n\n<li>galaksije &#8211; nakupine zvijezda, planeta i me\u0111uzvjezdane tvari<\/li>\n\n\n\n<li>Sunce &#8211; zvijezda na\u0161eg sustava<\/li>\n\n\n\n<li>Mlije\u010dna staza &#8211; na\u0161a galaksija<\/li>\n<\/ul>\n","protected":false},"excerpt":{"rendered":"<p>Ud\u017ebenik: 20. &#8211; 22. Star Trek &#8211; motivacija Znam &#8211; nau\u010dio\/la sam &#8211; \u017eelim znati (KWL) aktivnost Znam \u017eelim znati nau\u010dio\/la sam .. PDF prezentacija Video lekcija: Kako je svemir (vjerojatno) slu\u010dajno nastao iz ni\u010dega? &#8211; prof. dr. sc. Ivica Puljak Kratki video: Origins of the Universe 101 | National&#8230; <a href=\"https:\/\/vesnajanko.eu\/?page_id=7473\" class=\"readmore\">Vi\u0161e<span class=\"screen-reader-text\">&#8220;Svemir&#8221;<\/span><\/a><\/p>\n","protected":false},"author":1,"featured_media":0,"parent":7239,"menu_order":1,"comment_status":"closed","ping_status":"closed","template":"","meta":{"footnotes":""},"class_list":["post-7473","page","type-page","status-publish","hentry"],"_links":{"self":[{"href":"https:\/\/vesnajanko.eu\/index.php?rest_route=\/wp\/v2\/pages\/7473","targetHints":{"allow":["GET"]}}],"collection":[{"href":"https:\/\/vesnajanko.eu\/index.php?rest_route=\/wp\/v2\/pages"}],"about":[{"href":"https:\/\/vesnajanko.eu\/index.php?rest_route=\/wp\/v2\/types\/page"}],"author":[{"embeddable":true,"href":"https:\/\/vesnajanko.eu\/index.php?rest_route=\/wp\/v2\/users\/1"}],"replies":[{"embeddable":true,"href":"https:\/\/vesnajanko.eu\/index.php?rest_route=%2Fwp%2Fv2%2Fcomments&post=7473"}],"version-history":[{"count":15,"href":"https:\/\/vesnajanko.eu\/index.php?rest_route=\/wp\/v2\/pages\/7473\/revisions"}],"predecessor-version":[{"id":10153,"href":"https:\/\/vesnajanko.eu\/index.php?rest_route=\/wp\/v2\/pages\/7473\/revisions\/10153"}],"up":[{"embeddable":true,"href":"https:\/\/vesnajanko.eu\/index.php?rest_route=\/wp\/v2\/pages\/7239"}],"wp:attachment":[{"href":"https:\/\/vesnajanko.eu\/index.php?rest_route=%2Fwp%2Fv2%2Fmedia&parent=7473"}],"curies":[{"name":"wp","href":"https:\/\/api.w.org\/{rel}","templated":true}]}}