{"id":733,"date":"2015-11-01T17:59:23","date_gmt":"2015-11-01T17:59:23","guid":{"rendered":"https:\/\/vesnajanko.eu\/?page_id=733"},"modified":"2026-02-09T17:33:33","modified_gmt":"2026-02-09T16:33:33","slug":"6-15-japan-zemlja-buducnosti-i-bogate-tradicije","status":"publish","type":"page","link":"https:\/\/vesnajanko.eu\/?page_id=733","title":{"rendered":"Japan"},"content":{"rendered":"\n<p><span style=\"text-decoration: underline;\">Uvod<\/span><\/p>\n\n\n\n<p>Pogledaj <a href=\"https:\/\/youtu.be\/qsatxBSGtdg\" target=\"_blank\" rel=\"noopener\"><strong>video zapis<\/strong><\/a>.<br>\u0160to zaklju\u010duje\u0161 o Japanu prema video zapisu? \u0160to Japanci cijene?<\/p>\n\n\n\n<p><span style=\"text-decoration: underline;\">Obrada<\/span><\/p>\n\n\n\n<p class=\"has-pale-ocean-gradient-background has-background\">Verzija 1.<br>Rad na web stranici &#8211; <strong><a href=\"https:\/\/sites.google.com\/site\/japanvesna\/japan-nippon-zemlja-izlaze%C4%87eg-sunca\" target=\"_blank\" rel=\"noreferrer noopener\">Japan<\/a><\/strong>.<\/p>\n\n\n\n<p>Verzija 2.<br>Rad u skupinama. Sastavljanje kviz pitanja.<br>1. Geografski polo\u017eaj<br>2. Naseljenost<br>3. Gradovi<br>4. Gospodarstvo<\/p>\n\n\n\n<p><strong><a href=\"https:\/\/forms.gle\/wuCWmfh5FhJTzjDo7\" target=\"_blank\" rel=\"noreferrer noopener\">Pitanja po\u0161aljite ovdje.<\/a><\/strong><\/p>\n\n\n\n<p><span style=\"text-decoration: underline;\">Ponavljanje<\/span><\/p>\n\n\n\n<p>Kviz igra <strong><a href=\"https:\/\/play.kahoot.it\/#\/k\/182c36ed-c444-47bc-b63c-ea9ec77e2e29\" target=\"_blank\" rel=\"noopener\">Kahoot<\/a><\/strong>.<\/p>\n\n\n\n<h4 class=\"wp-block-heading has-pale-cyan-blue-background-color has-background\">Geobilje\u017enica<\/h4>\n\n\n\n<p class=\"has-text-align-center\"><span style=\"text-decoration: underline;\">Japan<\/span><\/p>\n\n\n\n<p><strong>Geografski polo\u017eaj<\/strong>:&nbsp;oto\u010dna zemlja izme\u0111u Japanskog mora i Tihog oceana, sastoji se od 4 velika i oko 6000 manjih&nbsp;otoka<\/p>\n\n\n\n<p><strong>Prirodna osnova<\/strong>:<\/p>\n\n\n\n<ul class=\"wp-block-list\">\n<li>planinska dr\u017eava, \u010desti potresi i erupcije vulkana<\/li>\n\n\n\n<li>utjecaj morskih struja (topla Kuro&nbsp;Shio, hladna Oya Shio)<\/li>\n<\/ul>\n\n\n\n<p><strong>Obilje\u017eja stanovni\u0161tva<\/strong>:<\/p>\n\n\n\n<ul class=\"wp-block-list\">\n<li>vrlo gusta naseljenost<\/li>\n\n\n\n<li>nizak prirodni porast stanovnika<\/li>\n\n\n\n<li>marljivi ljudi posve\u0107eni radu i u\u010denju, \u010duvanju tradicije i okoli\u0161a<\/li>\n<\/ul>\n\n\n\n<p><strong>Gospodarstvo<\/strong>: visoko razvijena zemlja (na 3. mjestu po BDP-u)<\/p>\n\n\n\n<p><strong>Izvozni proizvodi<\/strong>: televizori, glazbene linije, videooprema i fotooprema, telefoni, satovi, ra\u010dunala i ra\u010dunalna oprema, automobili, brodovi<\/p>\n\n\n\n<p><strong>Gradovi<\/strong>: Tokio (glavni grad), Osaka, Kobe, Kyoto, Sapporo<\/p>\n","protected":false},"excerpt":{"rendered":"<p>Uvod Pogledaj video zapis.\u0160to zaklju\u010duje\u0161 o Japanu prema video zapisu? \u0160to Japanci cijene? Obrada Verzija 1.Rad na web stranici &#8211; Japan. Verzija 2.Rad u skupinama. Sastavljanje kviz pitanja.1. Geografski polo\u017eaj2. Naseljenost3. Gradovi4. Gospodarstvo Pitanja po\u0161aljite ovdje. Ponavljanje Kviz igra Kahoot. Geobilje\u017enica Japan Geografski polo\u017eaj:&nbsp;oto\u010dna zemlja izme\u0111u Japanskog mora i Tihog&#8230; <a href=\"https:\/\/vesnajanko.eu\/?page_id=733\" class=\"readmore\">Vi\u0161e<span class=\"screen-reader-text\">&#8220;Japan&#8221;<\/span><\/a><\/p>\n","protected":false},"author":1,"featured_media":0,"parent":7242,"menu_order":0,"comment_status":"closed","ping_status":"closed","template":"","meta":{"footnotes":""},"class_list":["post-733","page","type-page","status-publish","hentry"],"_links":{"self":[{"href":"https:\/\/vesnajanko.eu\/index.php?rest_route=\/wp\/v2\/pages\/733","targetHints":{"allow":["GET"]}}],"collection":[{"href":"https:\/\/vesnajanko.eu\/index.php?rest_route=\/wp\/v2\/pages"}],"about":[{"href":"https:\/\/vesnajanko.eu\/index.php?rest_route=\/wp\/v2\/types\/page"}],"author":[{"embeddable":true,"href":"https:\/\/vesnajanko.eu\/index.php?rest_route=\/wp\/v2\/users\/1"}],"replies":[{"embeddable":true,"href":"https:\/\/vesnajanko.eu\/index.php?rest_route=%2Fwp%2Fv2%2Fcomments&post=733"}],"version-history":[{"count":19,"href":"https:\/\/vesnajanko.eu\/index.php?rest_route=\/wp\/v2\/pages\/733\/revisions"}],"predecessor-version":[{"id":10233,"href":"https:\/\/vesnajanko.eu\/index.php?rest_route=\/wp\/v2\/pages\/733\/revisions\/10233"}],"up":[{"embeddable":true,"href":"https:\/\/vesnajanko.eu\/index.php?rest_route=\/wp\/v2\/pages\/7242"}],"wp:attachment":[{"href":"https:\/\/vesnajanko.eu\/index.php?rest_route=%2Fwp%2Fv2%2Fmedia&parent=733"}],"curies":[{"name":"wp","href":"https:\/\/api.w.org\/{rel}","templated":true}]}}