{"id":7239,"date":"2022-08-26T16:46:46","date_gmt":"2022-08-26T15:46:46","guid":{"rendered":"https:\/\/vesnajanko.eu\/?page_id=7239"},"modified":"2025-11-23T16:31:20","modified_gmt":"2025-11-23T15:31:20","slug":"8-2-planet-zemlja","status":"publish","type":"page","link":"https:\/\/vesnajanko.eu\/?page_id=7239","title":{"rendered":"8.2. Planet Zemlja"},"content":{"rendered":"\n<p class=\"has-pale-cyan-blue-background-color has-background has-small-font-size\"><span class='tooltipsall tooltipsincontent classtoolTips31'>GEO O\u0160 B.8.3.<\/span> U\u010denik obja\u0161njava polo\u017eaj, gibanja i me\u0111udjelovanje Zemlje s drugim nebeskim tijelima u Sun\u010devu sustavu i<br>svemiru i njihov utjecaj na \u017eivot na Zemlji.<br><span class='tooltipsall tooltipsincontent classtoolTips32'>GEO O\u0160 B.8.4.<\/span> U\u010denik obja\u0161njava gra\u0111u i starost Zemlje, opisuje glavne unutarnje procese oblikovanja reljefa te na primjerima obja\u0161njava uzroke i posljedice pokreta litosfernih plo\u010da.<br><span class='tooltipsall tooltipsincontent classtoolTips33'>GEO O\u0160 B.8.5.<\/span> U\u010denik klasificira klimatske tipove, opisuje njihova obilje\u017eja i povezuje ih sa \u017eivim svijetom.<\/p>\n\n\n\n<figure class=\"wp-block-table is-style-stripes\"><table><thead><tr><th>Rb. sata (tj.)<\/th><th>Podteme<\/th><th>Plan<\/th><\/tr><\/thead><tbody><tr><td>13.\/14.<\/td><td><a href=\"https:\/\/vesnajanko.eu\/?page_id=7473\">Svemir<\/a><br><a href=\"https:\/\/vesnajanko.eu\/?page_id=7578\">Sun\u010dev sustav<\/a><\/td><td><\/td><\/tr><tr><td>15.\/16.<\/td><td>Svemir, Sun\u010dev sustav &#8211; pon.<br><a href=\"https:\/\/vesnajanko.eu\/?page_id=7581\">Sunce, Zemlja i Mjesec<\/a><\/td><td><\/td><\/tr><tr><td>17.\/18.<\/td><td><a href=\"https:\/\/vesnajanko.eu\/?page_id=7618\">Mjesno i pojasno vrijeme<\/a><br>Zemlja u svemiru &#8211; pon.<\/td><td><\/td><\/tr><tr><td>19.\/20<\/td><td><a href=\"https:\/\/vesnajanko.eu\/?page_id=7630\">Starost i gra\u0111a Zemlje<\/a><br>Reljef &#8211; pon.<\/td><td><\/td><\/tr><tr><td>21.\/22.<\/td><td><a href=\"https:\/\/vesnajanko.eu\/?page_id=9490\">Tipovi klima i vegetacija<\/a><\/td><td><\/td><\/tr><tr><td>23.\/24.<\/td><td>Planet Zemlja &#8211; ponavljanje i provjera<\/td><td><\/td><\/tr><\/tbody><\/table><\/figure>\n\n\n\n<p class=\"has-light-green-cyan-background-color has-background has-medium-font-size\">Geografsko znanje (geoznanje) \u2013 sa\u017eetak nau\u010denog iz teme<\/p>\n\n\n\n<p>Odaberi jedan (1) od ovih zadataka:<br>1. Izradi umnu mapu u kojoj \u0107e u sredi\u0161tu biti pojam <strong>Zemlja<\/strong>, a grane: gibanja Zemlje, pojasno vrijeme, reljef, klima, vegetacija<br>2. Izdvoji \u0161est (6) najva\u017enijih \u010dinjenica iz ove teme koje si nau\u010dio-la.<\/p>\n\n\n\n<p class=\"has-light-green-cyan-background-color has-background has-medium-font-size\">Geografija i \u017eivot (geo\u017eivot) &#8211; kratki sastavak<\/p>\n\n\n\n<p>Odaberi jedan (1) od ovih zadataka:<br>1. Prona\u0111i zanimljivost iz astronomije te ju opi\u0161i u 6 &#8211; 7 re\u010denica<br>2. Prona\u0111i zanimljivosti o Zemlji u doba dinosaura pa ih opi\u0161i u 6 &#8211; 7 re\u010denica.<br>3. Koja meteorolo\u0161ka pojava te zanima. Istra\u017ei je pa opi\u0161i u 6 &#8211; 7 re\u010denica.<\/p>\n\n\n\n<p class=\"has-luminous-vivid-amber-background-color has-background has-medium-font-size\">Samovrednovanje<\/p>\n\n\n\n<p>Precrtaj i ispuni tablicu:<\/p>\n\n\n\n<figure class=\"wp-block-table\"><table class=\"has-fixed-layout\"><tbody><tr><td><strong>Procijeni svoje\u2026<\/strong><\/td><td>1 2 3<\/td><\/tr><tr><td>nau\u010deno znanje za ovu temu<\/td><td><\/td><\/tr><tr><td>aktivnosti na nastavi<\/td><td><\/td><\/tr><tr><td>pona\u0161anje na nastavi<\/td><td>.<\/td><\/tr><\/tbody><\/table><\/figure>\n<script type=\"text\/javascript\"> toolTips('.classtoolTips31','U\u010denik obja\u0161njava polo\u017eaj, gibanja i me\u0111udjelovanje Zemlje s drugim nebeskim tijelima u Sun\u010devu sustavu i svemiru i njihov utjecaj na \u017eivot na Zemlji.'); <\/script><script type=\"text\/javascript\"> toolTips('.classtoolTips32','U\u010denik obja\u0161njava gra\u0111u i starost Zemlje, opisuje glavne unutarnje procese oblikovanja reljefa te na primjerima obja\u0161njava uzroke i posljedice pokreta litosfernih plo\u010da.'); <\/script><script type=\"text\/javascript\"> toolTips('.classtoolTips33','U\u010denik klasificira klimatske tipove, opisuje njihova obilje\u017eja i povezuje ih sa \u017eivim svijetom.'); <\/script>","protected":false},"excerpt":{"rendered":"<p>GEO O\u0160 B.8.3. U\u010denik obja\u0161njava polo\u017eaj, gibanja i me\u0111udjelovanje Zemlje s drugim nebeskim tijelima u Sun\u010devu sustavu isvemiru i njihov utjecaj na \u017eivot na Zemlji.GEO O\u0160 B.8.4. U\u010denik obja\u0161njava gra\u0111u i starost Zemlje, opisuje glavne unutarnje procese oblikovanja reljefa te na primjerima obja\u0161njava uzroke i posljedice pokreta litosfernih plo\u010da.GEO O\u0160&#8230; <a href=\"https:\/\/vesnajanko.eu\/?page_id=7239\" class=\"readmore\">Vi\u0161e<span class=\"screen-reader-text\">&#8220;8.2. Planet Zemlja&#8221;<\/span><\/a><\/p>\n","protected":false},"author":1,"featured_media":0,"parent":7094,"menu_order":2,"comment_status":"closed","ping_status":"closed","template":"","meta":{"footnotes":""},"class_list":["post-7239","page","type-page","status-publish","hentry"],"_links":{"self":[{"href":"https:\/\/vesnajanko.eu\/index.php?rest_route=\/wp\/v2\/pages\/7239","targetHints":{"allow":["GET"]}}],"collection":[{"href":"https:\/\/vesnajanko.eu\/index.php?rest_route=\/wp\/v2\/pages"}],"about":[{"href":"https:\/\/vesnajanko.eu\/index.php?rest_route=\/wp\/v2\/types\/page"}],"author":[{"embeddable":true,"href":"https:\/\/vesnajanko.eu\/index.php?rest_route=\/wp\/v2\/users\/1"}],"replies":[{"embeddable":true,"href":"https:\/\/vesnajanko.eu\/index.php?rest_route=%2Fwp%2Fv2%2Fcomments&post=7239"}],"version-history":[{"count":25,"href":"https:\/\/vesnajanko.eu\/index.php?rest_route=\/wp\/v2\/pages\/7239\/revisions"}],"predecessor-version":[{"id":10175,"href":"https:\/\/vesnajanko.eu\/index.php?rest_route=\/wp\/v2\/pages\/7239\/revisions\/10175"}],"up":[{"embeddable":true,"href":"https:\/\/vesnajanko.eu\/index.php?rest_route=\/wp\/v2\/pages\/7094"}],"wp:attachment":[{"href":"https:\/\/vesnajanko.eu\/index.php?rest_route=%2Fwp%2Fv2%2Fmedia&parent=7239"}],"curies":[{"name":"wp","href":"https:\/\/api.w.org\/{rel}","templated":true}]}}