{"id":7194,"date":"2022-08-14T16:00:05","date_gmt":"2022-08-14T15:00:05","guid":{"rendered":"https:\/\/vesnajanko.eu\/?page_id=7194"},"modified":"2025-01-24T13:31:40","modified_gmt":"2025-01-24T12:31:40","slug":"geogenijalci","status":"publish","type":"page","link":"https:\/\/vesnajanko.eu\/?page_id=7194","title":{"rendered":"Mladi geografi"},"content":{"rendered":"\n<p class=\"has-background\" style=\"background:linear-gradient(191deg,rgb(122,220,180) 0%,rgb(255,255,255) 63%,rgb(0,208,130) 100%)\"><strong>Izvannastavna aktivnost odr\u017eava se <\/strong>kroz 2 sata<\/p>\n\n\n\n<p class=\"has-medium-font-size\"><strong>\u0160to mo\u017ee\u0161 raditi na izvannastavnoj aktivnosti?<\/strong><\/p>\n\n\n\n<p>Sura\u0111ivati s CB Radioklubom Bjelovar radi povezivanja s drugim u\u010denicima i \u0161kolama.<\/p>\n\n\n\n<p>Sastavljati i igrati obrazovne geografske igre.<\/p>\n\n\n\n<p>Izraditi obrazovne geografske materijale.<\/p>\n\n\n\n<p>Istra\u017eivati i rje\u0161avati geografske zadatke.<\/p>\n\n\n\n<p>Pripremati se i sudjelovati na geografskom natjecanju.<\/p>\n\n\n\n<p>Ponavljati i razmjenjivati znanja iz geografije.<\/p>\n\n\n\n<p>Prou\u010davati geografske materijale na internetu.<\/p>\n\n\n\n<p>Korisno provesti vrijeme i zabaviti se&#8230;<\/p>\n\n\n\n<p class=\"has-background has-medium-font-size\" style=\"background-color:#e0b4bf\"><strong><a href=\"https:\/\/vesnajanko.eu\/?page_id=9560\">Geotraga\u010di<\/a><\/strong><\/p>\n","protected":false},"excerpt":{"rendered":"<p>Izvannastavna aktivnost odr\u017eava se kroz 2 sata \u0160to mo\u017ee\u0161 raditi na izvannastavnoj aktivnosti? Sura\u0111ivati s CB Radioklubom Bjelovar radi povezivanja s drugim u\u010denicima i \u0161kolama. Sastavljati i igrati obrazovne geografske igre. Izraditi obrazovne geografske materijale. Istra\u017eivati i rje\u0161avati geografske zadatke. Pripremati se i sudjelovati na geografskom natjecanju. Ponavljati i razmjenjivati&#8230; <a href=\"https:\/\/vesnajanko.eu\/?page_id=7194\" class=\"readmore\">Vi\u0161e<span class=\"screen-reader-text\">&#8220;Mladi geografi&#8221;<\/span><\/a><\/p>\n","protected":false},"author":1,"featured_media":0,"parent":0,"menu_order":0,"comment_status":"closed","ping_status":"closed","template":"","meta":{"footnotes":""},"class_list":["post-7194","page","type-page","status-publish","hentry"],"_links":{"self":[{"href":"https:\/\/vesnajanko.eu\/index.php?rest_route=\/wp\/v2\/pages\/7194","targetHints":{"allow":["GET"]}}],"collection":[{"href":"https:\/\/vesnajanko.eu\/index.php?rest_route=\/wp\/v2\/pages"}],"about":[{"href":"https:\/\/vesnajanko.eu\/index.php?rest_route=\/wp\/v2\/types\/page"}],"author":[{"embeddable":true,"href":"https:\/\/vesnajanko.eu\/index.php?rest_route=\/wp\/v2\/users\/1"}],"replies":[{"embeddable":true,"href":"https:\/\/vesnajanko.eu\/index.php?rest_route=%2Fwp%2Fv2%2Fcomments&post=7194"}],"version-history":[{"count":19,"href":"https:\/\/vesnajanko.eu\/index.php?rest_route=\/wp\/v2\/pages\/7194\/revisions"}],"predecessor-version":[{"id":9584,"href":"https:\/\/vesnajanko.eu\/index.php?rest_route=\/wp\/v2\/pages\/7194\/revisions\/9584"}],"wp:attachment":[{"href":"https:\/\/vesnajanko.eu\/index.php?rest_route=%2Fwp%2Fv2%2Fmedia&parent=7194"}],"curies":[{"name":"wp","href":"https:\/\/api.w.org\/{rel}","templated":true}]}}