{"id":7094,"date":"2022-08-05T11:32:47","date_gmt":"2022-08-05T10:32:47","guid":{"rendered":"https:\/\/vesnajanko.eu\/?page_id=7094"},"modified":"2025-09-14T10:41:48","modified_gmt":"2025-09-14T09:41:48","slug":"geografija-8-2","status":"publish","type":"page","link":"https:\/\/vesnajanko.eu\/?page_id=7094","title":{"rendered":"Geografija 8"},"content":{"rendered":"\n<h4 class=\"wp-block-heading has-pale-cyan-blue-background-color has-background\"><strong><a href=\"https:\/\/skole.loomen.carnet.hr\/course\/view.php?id=3818\" target=\"_blank\" rel=\"noreferrer noopener\">Loomen za 8. razred (Geo_8_1)<\/a><\/strong> &#8211; vje\u017ebe i provjere znanja<\/h4>\n\n\n\n<p class=\"has-black-color has-pale-cyan-blue-background-color has-text-color has-background has-medium-font-size\"><strong><a href=\"https:\/\/nearpod.com\/student\/\" target=\"_blank\" rel=\"noreferrer noopener\">Prijava u Nearpod<\/a><\/strong><\/p>\n\n\n\n<p class=\"has-text-align-center has-white-background-color has-background\"><strong>Godi\u0161nji izvedbeni kurikulum<\/strong> za 8. razred<br>\u0160kolska godina 2024.\/25.<\/p>\n\n\n\n<figure class=\"wp-block-table is-style-stripes\"><table><thead><tr><th class=\"has-text-align-center\" data-align=\"center\">Mjesec<\/th><th>broj sati<\/th><th>teme (cjeline)<\/th><th>ishodi<\/th><\/tr><\/thead><tbody><tr><td class=\"has-text-align-center\" data-align=\"center\">IX. (2)<\/td><td>3<\/td><td>8.0. Terenska nastava; <a href=\"https:\/\/vesnajanko.eu\/?page_id=202\" data-type=\"page\" data-id=\"202\">Geografija u 8. razredu<\/a><\/td><td><\/td><\/tr><tr><td class=\"has-text-align-center\" data-align=\"center\">IX. (4), <br>X. (6)<\/td><td>10<\/td><td>8.1. <a href=\"https:\/\/vesnajanko.eu\/?page_id=7236\">Geografske karte<\/a> <br>S kartom u prostoru.<\/td><td><span class='tooltipsall tooltipsincontent classtoolTips30'>GEO O\u0160 B.8.2.<\/span><br><\/td><\/tr><tr><td class=\"has-text-align-center\" data-align=\"center\">X. (2),<br>XI. (8),<br>XII. (2)<\/td><td>12<\/td><td>8.2. <a href=\"https:\/\/vesnajanko.eu\/?page_id=7239\" data-type=\"page\" data-id=\"7239\">Planet Zemlja<\/a><br>Ponovimo i pro\u0161irimo osnove geografije!<\/td><td><span class='tooltipsall tooltipsincontent classtoolTips31'>GEO O\u0160 B.8.3.<\/span><br><span class='tooltipsall tooltipsincontent classtoolTips32'>GEO O\u0160 B.8.4.<\/span><br><span class='tooltipsall tooltipsincontent classtoolTips33'>GEO O\u0160 B.8.5.<\/span><\/td><\/tr><tr><td class=\"has-text-align-center\" data-align=\"center\">XII. (4),<br>I. (8)<\/td><td>12<\/td><td>8.3. <a href=\"https:\/\/vesnajanko.eu\/?page_id=7242\">Azija<\/a> <br>Kako se \u017eivi u Aziji?<\/td><td><span class='tooltipsall tooltipsincontent classtoolTips15'>GEO O\u0160 A.B.8.1.<\/span><br><span class='tooltipsall tooltipsincontent classtoolTips16'>GEO O\u0160 A.B.8.2.<\/span><\/td><\/tr><tr><td class=\"has-text-align-center\" data-align=\"center\">II. (6),<br>III. (4)<\/td><td>10<\/td><td>8.4. <a href=\"https:\/\/vesnajanko.eu\/?page_id=7245\">Afrika<\/a> <br>Kako se \u017eivi u Africi?<\/td><td><span class='tooltipsall tooltipsincontent classtoolTips17'>GEO O\u0160 A.B.8.3.<\/span><br><span class='tooltipsall tooltipsincontent classtoolTips18'>GEO O\u0160 A.B.8.4.<\/span><\/td><\/tr><tr><td class=\"has-text-align-center\" data-align=\"center\">III. (4), <br>IV. (8), <br>V. (6)<\/td><td>18<\/td><td>8.5. <a href=\"https:\/\/vesnajanko.eu\/?page_id=7248\">Novi svijet i polarni krajevi<\/a> <br>Kakav je \u017eivot u Amerikama, Australiji i Oceaniji te polarnim krajevima?<\/td><td><span class='tooltipsall tooltipsincontent classtoolTips19'>GEO O\u0160 A.B.8.5.<\/span><br><span class='tooltipsall tooltipsincontent classtoolTips2'>GEO O\u0160 B.A.C.8.6.<\/span><br><span class='tooltipsall tooltipsincontent classtoolTips1'>GEO O\u0160 A.B.C.8.6.<\/span><br><span class='tooltipsall tooltipsincontent classtoolTips3'>GEO O\u0160 C.A.B.8.1.<\/span><\/td><\/tr><tr><td class=\"has-text-align-center\" data-align=\"center\">V. (2), <br>VI. (4)<\/td><td>6 + 1<\/td><td>8.6. <a href=\"https:\/\/vesnajanko.eu\/?page_id=7251\">Globalizacija<\/a> <br>Kakav je suvremeni svijet?<\/td><td><span class='tooltipsall tooltipsincontent classtoolTips20'>GEO O\u0160 A.B.8.7.<\/span><br><span class='tooltipsall tooltipsincontent classtoolTips29'>GEO O\u0160 B.8.1.<\/span>*<\/td><\/tr><tr><td class=\"has-text-align-center\" data-align=\"center\">UKUPNO<\/td><td>72<\/td><td><\/td><td><\/td><\/tr><\/tbody><\/table><figcaption class=\"wp-element-caption\">Vesna Janko, prof.<\/figcaption><\/figure>\n<script type=\"text\/javascript\"> toolTips('.classtoolTips1','U\u010denik analizira prirodno-geografska i dru\u0161tveno-geografska obilje\u017eja Australije i Oceanije s pomo\u0107u geografske karte i razli\u010ditih grafi\u010dkih prikaza.'); <\/script><script type=\"text\/javascript\"> toolTips('.classtoolTips2','U\u010denik analizira i obja\u0161njava problematiku naseljavanja, morfolo\u0161ke i socioekonomske strukture gradova, iskori\u0161tavanja \u0161umskih povr\u0161ina te suvremenoga razvoja Amerika.'); <\/script><script type=\"text\/javascript\"> toolTips('.classtoolTips3','U\u010denik analizira prirodno-geografska obilje\u017eja polarnih podru\u010dja, izdvaja specifi\u010dne uvjete \u017eivota i prilagodbe \u017eivih bi\u0107a te obja\u0161njava mogu\u0107nosti i ograni\u010denja iskori\u0161tavanja njihovih prirodnih resursa.'); <\/script><script type=\"text\/javascript\"> toolTips('.classtoolTips15','U\u010denik analizira prirodno-geografska i dru\u0161tveno-geografska obilje\u017eja Azije s pomo\u0107u geografske karte i razli\u010ditih grafi\u010dkih prikaza.'); <\/script><script type=\"text\/javascript\"> toolTips('.classtoolTips16','U\u010denik analizira i obja\u0161njava odabrane probleme suvremenoga razvoja Azije.'); <\/script><script type=\"text\/javascript\"> toolTips('.classtoolTips17','U\u010denik analizira prirodno-geografska i dru\u0161tveno-geografska obilje\u017eja Afrike s pomo\u0107u geografske karte i razli\u010ditih grafi\u010dkih prikaza.'); <\/script><script type=\"text\/javascript\"> toolTips('.classtoolTips18','U\u010denik analizira i obja\u0161njava odabrane probleme suvremenoga razvoja Afrike.'); <\/script><script type=\"text\/javascript\"> toolTips('.classtoolTips19','U\u010denik analizira prirodno-geografska i dru\u0161tveno-geografska obilje\u017eja Amerika s pomo\u0107u geografske karte i razli\u010ditih grafi\u010dkih prikaza.'); <\/script><script type=\"text\/javascript\"> toolTips('.classtoolTips20','U\u010denik opisuje globalizaciju i njezin utjecaj na identitet pojedinca i prostora u kojemu \u017eivi.'); <\/script><script type=\"text\/javascript\"> toolTips('.classtoolTips29','U\u010denik analizira prostorne organizacije i procese istra\u017eiva\u010dkim radom, kori\u0161tenjem geografske karte i IKT-a.*'); <\/script><script type=\"text\/javascript\"> toolTips('.classtoolTips30','U\u010denik odre\u0111uje geografske koordinate zadanoga mjesta na geografskim kartama, slu\u017ei se digitalnim kartama, snalazi se i kre\u0107e u prostoru<br\/>s pomo\u0107u topografske karte, plana grada (naselja), kompasa i GNSS-a.'); <\/script><script type=\"text\/javascript\"> toolTips('.classtoolTips31','U\u010denik obja\u0161njava polo\u017eaj, gibanja i me\u0111udjelovanje Zemlje s drugim nebeskim tijelima u Sun\u010devu sustavu i svemiru i njihov utjecaj na \u017eivot na Zemlji.'); <\/script><script type=\"text\/javascript\"> toolTips('.classtoolTips32','U\u010denik obja\u0161njava gra\u0111u i starost Zemlje, opisuje glavne unutarnje procese oblikovanja reljefa te na primjerima obja\u0161njava uzroke i posljedice pokreta litosfernih plo\u010da.'); <\/script><script type=\"text\/javascript\"> toolTips('.classtoolTips33','U\u010denik klasificira klimatske tipove, opisuje njihova obilje\u017eja i povezuje ih sa \u017eivim svijetom.'); <\/script>","protected":false},"excerpt":{"rendered":"<p>Loomen za 8. razred (Geo_8_1) &#8211; vje\u017ebe i provjere znanja Prijava u Nearpod Godi\u0161nji izvedbeni kurikulum za 8. razred\u0160kolska godina 2024.\/25. Mjesec broj sati teme (cjeline) ishodi IX. (2) 3 8.0. Terenska nastava; Geografija u 8. razredu IX. (4), X. (6) 10 8.1. Geografske karte S kartom u prostoru. GEO&#8230; <a href=\"https:\/\/vesnajanko.eu\/?page_id=7094\" class=\"readmore\">Vi\u0161e<span class=\"screen-reader-text\">&#8220;Geografija 8&#8221;<\/span><\/a><\/p>\n","protected":false},"author":1,"featured_media":0,"parent":0,"menu_order":0,"comment_status":"closed","ping_status":"closed","template":"","meta":{"footnotes":""},"class_list":["post-7094","page","type-page","status-publish","hentry"],"_links":{"self":[{"href":"https:\/\/vesnajanko.eu\/index.php?rest_route=\/wp\/v2\/pages\/7094","targetHints":{"allow":["GET"]}}],"collection":[{"href":"https:\/\/vesnajanko.eu\/index.php?rest_route=\/wp\/v2\/pages"}],"about":[{"href":"https:\/\/vesnajanko.eu\/index.php?rest_route=\/wp\/v2\/types\/page"}],"author":[{"embeddable":true,"href":"https:\/\/vesnajanko.eu\/index.php?rest_route=\/wp\/v2\/users\/1"}],"replies":[{"embeddable":true,"href":"https:\/\/vesnajanko.eu\/index.php?rest_route=%2Fwp%2Fv2%2Fcomments&post=7094"}],"version-history":[{"count":71,"href":"https:\/\/vesnajanko.eu\/index.php?rest_route=\/wp\/v2\/pages\/7094\/revisions"}],"predecessor-version":[{"id":10063,"href":"https:\/\/vesnajanko.eu\/index.php?rest_route=\/wp\/v2\/pages\/7094\/revisions\/10063"}],"wp:attachment":[{"href":"https:\/\/vesnajanko.eu\/index.php?rest_route=%2Fwp%2Fv2%2Fmedia&parent=7094"}],"curies":[{"name":"wp","href":"https:\/\/api.w.org\/{rel}","templated":true}]}}