{"id":7021,"date":"2022-07-30T11:14:32","date_gmt":"2022-07-30T10:14:32","guid":{"rendered":"https:\/\/vesnajanko.eu\/?page_id=7021"},"modified":"2025-01-29T12:21:59","modified_gmt":"2025-01-29T11:21:59","slug":"prostorno-kretanje-stanovnika-svijeta-i-hrvatske","status":"publish","type":"page","link":"https:\/\/vesnajanko.eu\/?page_id=7021","title":{"rendered":"Prostorno kretanje stanovnika svijeta i Hrvatske"},"content":{"rendered":"\n<p class=\"has-pale-ocean-gradient-background has-background\"><a href=\"https:\/\/docs.google.com\/presentation\/d\/e\/2PACX-1vSTcKwOP0MgKksN4Os80D-p7U6n1yrEVCGxmMwfljG6MYTwEwbenMwisuXvT0w4W0YhGJazEzJSnmFD\/pub?start=false&amp;loop=false&amp;delayms=3000\" data-type=\"link\" data-id=\"https:\/\/docs.google.com\/presentation\/d\/e\/2PACX-1vSTcKwOP0MgKksN4Os80D-p7U6n1yrEVCGxmMwfljG6MYTwEwbenMwisuXvT0w4W0YhGJazEzJSnmFD\/pub?start=false&amp;loop=false&amp;delayms=3000\" target=\"_blank\" rel=\"noreferrer noopener\">Prezentacija i rad u Nearpodu<\/a><\/p>\n\n\n\n<iframe loading=\"lazy\" src=\"https:\/\/docs.google.com\/presentation\/d\/e\/2PACX-1vQSn1-AQgmK5aR3y386JbzMrfxJNanXBsQhaSfC3kPqK58ulir3xYz1j4g40Oqb37jVUQuegZoZfukM\/embed?start=false&#038;loop=false&#038;delayms=3000\" frameborder=\"0\" width=\"960\" height=\"569\" allowfullscreen=\"true\" mozallowfullscreen=\"true\" webkitallowfullscreen=\"true\"><\/iframe>\n\n\n\n<div style=\"height:31px\" aria-hidden=\"true\" class=\"wp-block-spacer\"><\/div>\n\n\n\n<p><a href=\"https:\/\/podaci.dzs.hr\/2024\/hr\/76802\" target=\"_blank\" rel=\"noreferrer noopener\">Statisti\u010dki podatci<\/a><\/p>\n\n\n\n<p class=\"has-pale-cyan-blue-background-color has-background\"><strong>Geobilje\u0161ke<\/strong>:<\/p>\n\n\n\n<p class=\"has-text-align-center\"><strong><span style=\"text-decoration: underline;\">Prostorno kretanje stanovnika svijeta i Hrvatske<\/span><\/strong><\/p>\n\n\n\n<p>Migracije (selidbe) &#8211; prostorno kretnje stanovnika<br>Selidbena promjena stanovnika je razlika izme\u0111u broja useljenih (emigranti) i broja iseljenih (imigranti).<br>Stanovni\u0161tvo seli (migrira) zbog potisnih i privla\u010dnih \u010dimbenika.<br>Migracije se dijele prema:<br>&#8211; dosegu na unutra\u0161nje i vanjske<br>&#8211; trajanju na kona\u010dne i privremene<br>&#8211; uzroku na gospodarske i negospodarske<br><br><strong>Migracije u Hrvatskoj<\/strong><br>Vanjske migracije &#8211; u pro\u0161losti je bilo \u010detiri vala iseljavanja<br>U Hrvatskoj je selidbena promjena stanovni\u0161tva negativna &#8211; vi\u0161e ljudi iseljava nego \u0161to useljava.<br>Unutra\u0161nje migracije &#8211; iz manjeg naselja u ve\u0107i grad, dnevne i sezonske<\/p>\n","protected":false},"excerpt":{"rendered":"<p>Prezentacija i rad u Nearpodu Statisti\u010dki podatci Geobilje\u0161ke: Prostorno kretanje stanovnika svijeta i Hrvatske Migracije (selidbe) &#8211; prostorno kretnje stanovnikaSelidbena promjena stanovnika je razlika izme\u0111u broja useljenih (emigranti) i broja iseljenih (imigranti).Stanovni\u0161tvo seli (migrira) zbog potisnih i privla\u010dnih \u010dimbenika.Migracije se dijele prema:&#8211; dosegu na unutra\u0161nje i vanjske&#8211; trajanju na kona\u010dne&#8230; <a href=\"https:\/\/vesnajanko.eu\/?page_id=7021\" class=\"readmore\">Vi\u0161e<span class=\"screen-reader-text\">&#8220;Prostorno kretanje stanovnika svijeta i Hrvatske&#8221;<\/span><\/a><\/p>\n","protected":false},"author":1,"featured_media":0,"parent":5167,"menu_order":5,"comment_status":"closed","ping_status":"closed","template":"templates\/page-full-width.php","meta":{"footnotes":""},"class_list":["post-7021","page","type-page","status-publish","hentry"],"_links":{"self":[{"href":"https:\/\/vesnajanko.eu\/index.php?rest_route=\/wp\/v2\/pages\/7021","targetHints":{"allow":["GET"]}}],"collection":[{"href":"https:\/\/vesnajanko.eu\/index.php?rest_route=\/wp\/v2\/pages"}],"about":[{"href":"https:\/\/vesnajanko.eu\/index.php?rest_route=\/wp\/v2\/types\/page"}],"author":[{"embeddable":true,"href":"https:\/\/vesnajanko.eu\/index.php?rest_route=\/wp\/v2\/users\/1"}],"replies":[{"embeddable":true,"href":"https:\/\/vesnajanko.eu\/index.php?rest_route=%2Fwp%2Fv2%2Fcomments&post=7021"}],"version-history":[{"count":8,"href":"https:\/\/vesnajanko.eu\/index.php?rest_route=\/wp\/v2\/pages\/7021\/revisions"}],"predecessor-version":[{"id":9592,"href":"https:\/\/vesnajanko.eu\/index.php?rest_route=\/wp\/v2\/pages\/7021\/revisions\/9592"}],"up":[{"embeddable":true,"href":"https:\/\/vesnajanko.eu\/index.php?rest_route=\/wp\/v2\/pages\/5167"}],"wp:attachment":[{"href":"https:\/\/vesnajanko.eu\/index.php?rest_route=%2Fwp%2Fv2%2Fmedia&parent=7021"}],"curies":[{"name":"wp","href":"https:\/\/api.w.org\/{rel}","templated":true}]}}