{"id":6985,"date":"2022-07-17T11:45:47","date_gmt":"2022-07-17T10:45:47","guid":{"rendered":"https:\/\/vesnajanko.eu\/?page_id=6985"},"modified":"2024-11-25T18:23:46","modified_gmt":"2024-11-25T17:23:46","slug":"prirodna-bogatstva","status":"publish","type":"page","link":"https:\/\/vesnajanko.eu\/?page_id=6985","title":{"rendered":"Prirodna bogatstva"},"content":{"rendered":"\n<p>Rad uz ud\u017ebenik str. 56. &#8211; 58.<\/p>\n\n\n\n<p>\u0160to su prirodna bogatstva?<br>Koja prirodna bogatstva i kako su koristili ljudi u pro\u0161losti, a kako se koriste u suvremeno doba?<br>Koje su najva\u017enija prirodna bogatstva?<br>Kako \u010dovjek iskori\u0161tava \u0161umsko bogatstvo?<br>Kako se iskori\u0161tava more?<br>Za\u0161to se danas posebno cijeni o\u010duvana priroda?<\/p>\n\n\n\n<p class=\"has-medium-font-size\"><a href=\"https:\/\/forms.gle\/nEz43zs9PsTFnFPo8\" target=\"_blank\" rel=\"noreferrer noopener\">Ovdje odgovori na pitanja<\/a>.<br><\/p>\n\n\n\n<hr class=\"wp-block-separator has-css-opacity\"\/>\n\n\n\n<p class=\"has-pale-cyan-blue-background-color has-background\"><strong>Geobilje\u0161ke<\/strong>:<\/p>\n\n\n\n<p class=\"has-text-align-center\"><span style=\"text-decoration: underline;\">Prirodna bogatstva<\/span><\/p>\n\n\n\n<ul class=\"wp-block-list\">\n<li>prirodna bogatstva su sva dobra i pojave koje \u010dovjek iskori\u0161tava za zadovoljenje svojih potreba<\/li>\n\n\n\n<li>prirodna bogatstva Hrvatske su:\n<ul class=\"wp-block-list\">\n<li>pitka voda<\/li>\n\n\n\n<li>plodno tlo<\/li>\n\n\n\n<li>\u0161ume<\/li>\n\n\n\n<li>more i obale<\/li>\n\n\n\n<li>raznolika priroda<\/li>\n<\/ul>\n<\/li>\n<\/ul>\n","protected":false},"excerpt":{"rendered":"<p>Rad uz ud\u017ebenik str. 56. &#8211; 58. \u0160to su prirodna bogatstva?Koja prirodna bogatstva i kako su koristili ljudi u pro\u0161losti, a kako se koriste u suvremeno doba?Koje su najva\u017enija prirodna bogatstva?Kako \u010dovjek iskori\u0161tava \u0161umsko bogatstvo?Kako se iskori\u0161tava more?Za\u0161to se danas posebno cijeni o\u010duvana priroda? Ovdje odgovori na pitanja. Geobilje\u0161ke: Prirodna&#8230; <a href=\"https:\/\/vesnajanko.eu\/?page_id=6985\" class=\"readmore\">Vi\u0161e<span class=\"screen-reader-text\">&#8220;Prirodna bogatstva&#8221;<\/span><\/a><\/p>\n","protected":false},"author":1,"featured_media":0,"parent":5164,"menu_order":1,"comment_status":"closed","ping_status":"closed","template":"","meta":{"footnotes":""},"class_list":["post-6985","page","type-page","status-publish","hentry"],"_links":{"self":[{"href":"https:\/\/vesnajanko.eu\/index.php?rest_route=\/wp\/v2\/pages\/6985","targetHints":{"allow":["GET"]}}],"collection":[{"href":"https:\/\/vesnajanko.eu\/index.php?rest_route=\/wp\/v2\/pages"}],"about":[{"href":"https:\/\/vesnajanko.eu\/index.php?rest_route=\/wp\/v2\/types\/page"}],"author":[{"embeddable":true,"href":"https:\/\/vesnajanko.eu\/index.php?rest_route=\/wp\/v2\/users\/1"}],"replies":[{"embeddable":true,"href":"https:\/\/vesnajanko.eu\/index.php?rest_route=%2Fwp%2Fv2%2Fcomments&post=6985"}],"version-history":[{"count":2,"href":"https:\/\/vesnajanko.eu\/index.php?rest_route=\/wp\/v2\/pages\/6985\/revisions"}],"predecessor-version":[{"id":9530,"href":"https:\/\/vesnajanko.eu\/index.php?rest_route=\/wp\/v2\/pages\/6985\/revisions\/9530"}],"up":[{"embeddable":true,"href":"https:\/\/vesnajanko.eu\/index.php?rest_route=\/wp\/v2\/pages\/5164"}],"wp:attachment":[{"href":"https:\/\/vesnajanko.eu\/index.php?rest_route=%2Fwp%2Fv2%2Fmedia&parent=6985"}],"curies":[{"name":"wp","href":"https:\/\/api.w.org\/{rel}","templated":true}]}}