{"id":6964,"date":"2022-07-17T10:30:47","date_gmt":"2022-07-17T09:30:47","guid":{"rendered":"https:\/\/vesnajanko.eu\/?page_id=6964"},"modified":"2025-10-28T12:59:35","modified_gmt":"2025-10-28T11:59:35","slug":"klimatski-dijagram-klimatski-razredi-na-zemlji","status":"publish","type":"page","link":"https:\/\/vesnajanko.eu\/?page_id=6964","title":{"rendered":"Klimatski dijagram, klimatski razredi na Zemlji"},"content":{"rendered":"\n<p class=\"has-background has-small-font-size\" style=\"background-color:#fcb90066\">\u2013 o\u010ditava\/\u010dita klimatski dijagram<br>\u2013 razlikuje klimatske razrede i na klimatskoj karti analizira njihov prostorni raspored<\/p>\n\n\n\n<p class=\"has-large-font-size\"><strong>Klimatski dijagram<\/strong><\/p>\n\n\n\n<p class=\"has-medium-font-size\"><a href=\"https:\/\/climatecharts.net\/\" target=\"_blank\" rel=\"noreferrer noopener\">Izrada klimatskih dijagrama<\/a><\/p>\n\n\n\n<iframe loading=\"lazy\" src=\"https:\/\/docs.google.com\/presentation\/d\/e\/2PACX-1vRqCXYt23s-ukloFyNA2JFoEW4e9NL1k_jxTncq2f-8V_LtcgNMudaXHkS9MA3jWGzFKywEPzHX2aPc\/embed?start=false&#038;loop=false&#038;delayms=3000\" frameborder=\"0\" width=\"960\" height=\"569\" allowfullscreen=\"true\" mozallowfullscreen=\"true\" webkitallowfullscreen=\"true\"><\/iframe>\n\n\n\n<div style=\"height:55px\" aria-hidden=\"true\" class=\"wp-block-spacer\"><\/div>\n\n\n\n<p>Pogledaj <strong><a rel=\"noreferrer noopener\" href=\"https:\/\/youtu.be\/JsEziQ8qIHI\" target=\"_blank\">video zapis<\/a><\/strong>, dovoljno je od 5.34 do 13.57, a mo\u017ee\u0161 pogledati i cijeli video.<br>U ud\u017ebeniku stranice su od 35. do 36.<\/p>\n\n\n\n<p class=\"has-background\" style=\"background-color:#abb7c270\"><a href=\"https:\/\/wordwall.net\/play\/6186\/832\/313\" target=\"_blank\" rel=\"noreferrer noopener\">\u010citanje klimatskog dijagrama &#8211; kviz pridru\u017eivanja<\/a><\/p>\n\n\n\n<!--nextpage-->\n\n\n\n<p class=\"has-large-font-size\"><strong>Klimatski razredi na Zemlji<\/strong><\/p>\n\n\n\n<p class=\"has-medium-font-size\"><a href=\"https:\/\/climatecharts.net\/\" target=\"_blank\" rel=\"noreferrer noopener\">Izrada klimatskih dijagrama<\/a><\/p>\n\n\n\n<iframe loading=\"lazy\" src=\"https:\/\/docs.google.com\/presentation\/d\/e\/2PACX-1vRf3WzAS-aKuHgbNETZdjJMnoPRrIMgCT_dQ2kC8Kv4uKpgG5WP-KezZI0rSdFATVGJFs7k1tmt4WyN\/embed?start=false&#038;loop=false&#038;delayms=3000\" frameborder=\"0\" width=\"960\" height=\"569\" allowfullscreen=\"true\" mozallowfullscreen=\"true\" webkitallowfullscreen=\"true\"><\/iframe>\n\n\n\n<div style=\"height:45px\" aria-hidden=\"true\" class=\"wp-block-spacer\"><\/div>\n\n\n\n<p>Pogledaj <strong><a rel=\"noreferrer noopener\" href=\"https:\/\/youtu.be\/ij3sv7-IJ2I\" target=\"_blank\">video zapis<\/a><\/strong>.<br>U ud\u017ebeniku stranice su od 36. do 42.<\/p>\n\n\n\n<p class=\"has-background\" style=\"background-color:#abb7c270\"><a href=\"https:\/\/wordwall.net\/play\/6234\/762\/839\" target=\"_blank\" rel=\"noreferrer noopener\">Klimatski razredi na karti &#8211; kviz pridru\u017eivanja<\/a><\/p>\n\n\n\n<p class=\"has-background\" style=\"background-color:#abb7c270\"><a href=\"https:\/\/wordwall.net\/play\/6236\/371\/430\" target=\"_blank\" rel=\"noreferrer noopener\">Klime i biljni svijet &#8211; spoji parove<\/a><\/p>\n\n\n\n<hr class=\"wp-block-separator has-css-opacity\"\/>\n\n\n\n<p class=\"has-pale-cyan-blue-background-color has-background\"><strong>Geobilje\u017enica &#8211; bilje\u0161ke za u\u010denike<\/strong><\/p>\n\n\n\n<p class=\"has-text-align-center\"><span style=\"text-decoration: underline;\">Klimatski dijagram, klimatski razredi na Zemlji<\/span><\/p>\n\n\n\n<p><strong>Klimatski dijagram<\/strong>&nbsp;je<strong>&nbsp;<\/strong>grafi\u010dki prikaz prosje\u010dnih mjese\u010dnih koli\u010dina padalina i mjese\u010dnih temperatura zraka.&nbsp;<br>Linijom se prikazuju srednje mjese\u010dne temperature zraka u stupnjevima Celzijusa (\u00b0C).<br>Stupcima se prikazuje srednja mjese\u010dna koli\u010dina padalina u milimetrima (mm).<\/p>\n\n\n\n<p><strong>Klimatski razredi na Zemlji<\/strong><\/p>\n\n\n\n<p>A \u2013 tropske ki\u0161ne klime<br>B \u2013 suhe klime<br>C \u2013 umjerene tople ki\u0161ne klime<br>D \u2013 snje\u017eno\u2014\u0161umske klime<br>E \u2013 snje\u017ene klime<\/p>\n","protected":false},"excerpt":{"rendered":"<p>\u2013 o\u010ditava\/\u010dita klimatski dijagram\u2013 razlikuje klimatske razrede i na klimatskoj karti analizira njihov prostorni raspored Klimatski dijagram Izrada klimatskih dijagrama Pogledaj video zapis, dovoljno je od 5.34 do 13.57, a mo\u017ee\u0161 pogledati i cijeli video.U ud\u017ebeniku stranice su od 35. do 36. \u010citanje klimatskog dijagrama &#8211; kviz pridru\u017eivanja<\/p>\n","protected":false},"author":1,"featured_media":0,"parent":5161,"menu_order":2,"comment_status":"closed","ping_status":"closed","template":"templates\/page-full-width.php","meta":{"footnotes":""},"class_list":["post-6964","page","type-page","status-publish","hentry"],"_links":{"self":[{"href":"https:\/\/vesnajanko.eu\/index.php?rest_route=\/wp\/v2\/pages\/6964","targetHints":{"allow":["GET"]}}],"collection":[{"href":"https:\/\/vesnajanko.eu\/index.php?rest_route=\/wp\/v2\/pages"}],"about":[{"href":"https:\/\/vesnajanko.eu\/index.php?rest_route=\/wp\/v2\/types\/page"}],"author":[{"embeddable":true,"href":"https:\/\/vesnajanko.eu\/index.php?rest_route=\/wp\/v2\/users\/1"}],"replies":[{"embeddable":true,"href":"https:\/\/vesnajanko.eu\/index.php?rest_route=%2Fwp%2Fv2%2Fcomments&post=6964"}],"version-history":[{"count":14,"href":"https:\/\/vesnajanko.eu\/index.php?rest_route=\/wp\/v2\/pages\/6964\/revisions"}],"predecessor-version":[{"id":10149,"href":"https:\/\/vesnajanko.eu\/index.php?rest_route=\/wp\/v2\/pages\/6964\/revisions\/10149"}],"up":[{"embeddable":true,"href":"https:\/\/vesnajanko.eu\/index.php?rest_route=\/wp\/v2\/pages\/5161"}],"wp:attachment":[{"href":"https:\/\/vesnajanko.eu\/index.php?rest_route=%2Fwp%2Fv2%2Fmedia&parent=6964"}],"curies":[{"name":"wp","href":"https:\/\/api.w.org\/{rel}","templated":true}]}}