{"id":6946,"date":"2022-07-17T09:40:42","date_gmt":"2022-07-17T08:40:42","guid":{"rendered":"https:\/\/vesnajanko.eu\/?page_id=6946"},"modified":"2024-10-11T09:50:14","modified_gmt":"2024-10-11T08:50:14","slug":"godisnja-doba-toplinski-pojasevi","status":"publish","type":"page","link":"https:\/\/vesnajanko.eu\/?page_id=6946","title":{"rendered":"Godi\u0161nja doba, toplinski pojasevi"},"content":{"rendered":"\n<p class=\"has-background has-small-font-size\" style=\"background-color:#fcb90066\">\u2013 opisuje obilje\u017eja godi\u0161njih doba prostora u kojemu \u017eivi<br>\u2013 pokazuje na geografskoj karti obratnice i polarnice<br>\u2013 imenuje na crte\u017eu i odre\u0111uje na geografskoj karti i globusu toplinske pojaseve te navodi njihove specifi\u010dnosti i povezuje ih s klimatskim obilje\u017ejima<\/p>\n\n\n\n<p><strong>Godi\u0161nja doba<\/strong>:<\/p>\n\n\n\n<p><a rel=\"noreferrer noopener\" href=\"https:\/\/youtu.be\/taHTA7S_JGk\" target=\"_blank\">Videozapis<\/a> (kanal: yociel)<\/p>\n\n\n\n<p class=\"has-pale-ocean-gradient-background has-background\"><a rel=\"noreferrer noopener\" href=\"https:\/\/share.nearpod.com\/6KQ6aLKlIab\" target=\"_blank\">Interaktivni video zapis<\/a> &#8211; Godi\u0161nja doba<\/p>\n\n\n\n<p><a href=\"https:\/\/wordwall.net\/play\/5542\/838\/891\" target=\"_blank\" rel=\"noreferrer noopener\">Kviz pridru\u017eivanja<\/a><\/p>\n\n\n\n<p><strong>Toplinski pojasevi<\/strong>:<\/p>\n\n\n\n<iframe loading=\"lazy\" src=\"https:\/\/docs.google.com\/presentation\/d\/e\/2PACX-1vQLe_BQNJ5AdYz_d4o1b3NKqxpo0y9_8p9FTO6CMlaG758lbBioqaCTzMM4HDM8wRzq77v0ZneM6jPL\/embed?start=false&#038;loop=false&#038;delayms=3000\" frameborder=\"0\" width=\"1440\" height=\"839\" allowfullscreen=\"true\" mozallowfullscreen=\"true\" webkitallowfullscreen=\"true\"><\/iframe>\n\n\n\n<div style=\"height:47px\" aria-hidden=\"true\" class=\"wp-block-spacer\"><\/div>\n\n\n\n<p><a href=\"https:\/\/wordwall.net\/play\/5539\/746\/713\" target=\"_blank\" rel=\"noreferrer noopener\">Kviz pridru\u017eivanja<\/a><\/p>\n\n\n\n<p><a href=\"https:\/\/wordwall.net\/play\/5543\/931\/990\" target=\"_blank\" rel=\"noreferrer noopener\">Kviz znanja<\/a><\/p>\n\n\n\n<p><a href=\"https:\/\/docs.google.com\/presentation\/d\/e\/2PACX-1vSiNV_VsNHIy5-zCfNo-kNAQ9VsUXL-jhCG2IPsJPB_9ocHfcw6MGCsUyPOW1b0vg1lg6piM5l2sEcE\/pub?start=false&amp;loop=false&amp;delayms=3000\" target=\"_blank\" rel=\"noreferrer noopener\"><strong>Vje\u017eba na karti<\/strong><\/a><\/p>\n\n\n\n<div style=\"height:44px\" aria-hidden=\"true\" class=\"wp-block-spacer\"><\/div>\n\n\n\n<p class=\"has-pale-cyan-blue-background-color has-background\"><strong>Geobilje\u017enica:<\/strong><\/p>\n\n\n\n<p class=\"has-text-align-center\"><span style=\"text-decoration: underline;\">Godi\u0161nja doba i toplinski pojasevi<\/span><\/p>\n\n\n\n<p>Godi\u0161nja doba na sjevernoj polutki:<\/p>\n\n\n\n<figure class=\"wp-block-table is-style-regular\"><table><tbody><tr><td>DATUM<\/td><td>GODI\u0160NJE DOBA<\/td><td>SUN\u010cEVE ZRAKE PADAJU OKOMITO<\/td><td>TRAJAJNJE DANA I NO\u0106I<\/td><\/tr><tr><td>21. o\u017eujka<\/td><td>prolje\u0107e<\/td><td>na ekvator<\/td><td>jednako, proljetna ravnodnevnica<\/td><\/tr><tr><td>21. lipnja<\/td><td>ljeto<\/td><td>na sjevernu obratnicu<\/td><td>dan je dulji od no\u0107i, ljetni suncostaj<\/td><\/tr><tr><td>23. rujna<\/td><td>jesen<\/td><td>na ekvator<\/td><td>jednako, jesenska ravnodnevica<\/td><\/tr><tr><td>21. prosinca<\/td><td>zima<\/td><td>na ju\u017enu obratnicu<\/td><td>dan je kra\u0107i od no\u0107i, zimski suncostaj<\/td><\/tr><\/tbody><\/table><\/figure>\n\n\n\n<p>Toplinski pojasevi<\/p>\n\n\n\n<p><strong>sjeverni hladni<\/strong>&nbsp;\u2013 izme\u0111u sjevernog pola i sjeverne polarnice<\/p>\n\n\n\n<p><strong>sjeverni umjereni<\/strong>&nbsp;\u2013 izme\u0111u sjeverne polarnice i sjeverne obratnice<\/p>\n\n\n\n<p><strong>\u017earki<\/strong>&nbsp;\u2013 izme\u0111u sjeverne i ju\u017ene obratnice<\/p>\n\n\n\n<p><strong>ju\u017eni umjereni<\/strong>&nbsp;\u2013 izme\u0111u ju\u017ene obratnice i ju\u017ene polarnice<\/p>\n\n\n\n<p><strong>ju\u017eni hladni<\/strong>&nbsp;\u2013 izme\u0111u ju\u017ene polarnice i ju\u017enoga pola<\/p>\n\n\n\n<div style=\"height:40px\" aria-hidden=\"true\" class=\"wp-block-spacer\"><\/div>\n\n\n\n<div class=\"wp-block-buttons is-layout-flex wp-block-buttons-is-layout-flex\">\n<div class=\"wp-block-button\"><a class=\"wp-block-button__link has-vivid-cyan-blue-background-color has-background\" href=\"https:\/\/vesnajanko.eu\/?page_id=5082\">Povratak na temu<\/a><\/div>\n<\/div>\n","protected":false},"excerpt":{"rendered":"<p>\u2013 opisuje obilje\u017eja godi\u0161njih doba prostora u kojemu \u017eivi\u2013 pokazuje na geografskoj karti obratnice i polarnice\u2013 imenuje na crte\u017eu i odre\u0111uje na geografskoj karti i globusu toplinske pojaseve te navodi njihove specifi\u010dnosti i povezuje ih s klimatskim obilje\u017ejima Godi\u0161nja doba: Videozapis (kanal: yociel) Interaktivni video zapis &#8211; Godi\u0161nja doba Kviz&#8230; <a href=\"https:\/\/vesnajanko.eu\/?page_id=6946\" class=\"readmore\">Vi\u0161e<span class=\"screen-reader-text\">&#8220;Godi\u0161nja doba, toplinski pojasevi&#8221;<\/span><\/a><\/p>\n","protected":false},"author":1,"featured_media":0,"parent":5082,"menu_order":4,"comment_status":"closed","ping_status":"closed","template":"templates\/page-full-width.php","meta":{"footnotes":""},"class_list":["post-6946","page","type-page","status-publish","hentry"],"_links":{"self":[{"href":"https:\/\/vesnajanko.eu\/index.php?rest_route=\/wp\/v2\/pages\/6946","targetHints":{"allow":["GET"]}}],"collection":[{"href":"https:\/\/vesnajanko.eu\/index.php?rest_route=\/wp\/v2\/pages"}],"about":[{"href":"https:\/\/vesnajanko.eu\/index.php?rest_route=\/wp\/v2\/types\/page"}],"author":[{"embeddable":true,"href":"https:\/\/vesnajanko.eu\/index.php?rest_route=\/wp\/v2\/users\/1"}],"replies":[{"embeddable":true,"href":"https:\/\/vesnajanko.eu\/index.php?rest_route=%2Fwp%2Fv2%2Fcomments&post=6946"}],"version-history":[{"count":11,"href":"https:\/\/vesnajanko.eu\/index.php?rest_route=\/wp\/v2\/pages\/6946\/revisions"}],"predecessor-version":[{"id":9377,"href":"https:\/\/vesnajanko.eu\/index.php?rest_route=\/wp\/v2\/pages\/6946\/revisions\/9377"}],"up":[{"embeddable":true,"href":"https:\/\/vesnajanko.eu\/index.php?rest_route=\/wp\/v2\/pages\/5082"}],"wp:attachment":[{"href":"https:\/\/vesnajanko.eu\/index.php?rest_route=%2Fwp%2Fv2%2Fmedia&parent=6946"}],"curies":[{"name":"wp","href":"https:\/\/api.w.org\/{rel}","templated":true}]}}

Godišnja doba, toplinski pojasevi

<p class="has-background has-small-font-size" style="background-color:#fcb90066">– opisuje obilježja godišnjih doba prostora u kojemu živi<br>– pokazuje na geografskoj karti obratnice i polarnice<br>– imenuje na crtežu i određuje na geografskoj karti i globusu toplinske pojaseve te navodi njihove specifičnosti i povezuje ih s klimatskim obilježjima</p>



<p><strong>Godišnja doba</strong>:</p>



<p><a rel="noreferrer noopener" href="https://youtu.be/taHTA7S_JGk" target="_blank">Videozapis</a> (kanal: yociel)</p>



<p class="has-pale-ocean-gradient-background has-background"><a rel="noreferrer noopener" href="https://share.nearpod.com/6KQ6aLKlIab" target="_blank">Interaktivni video zapis</a> &#8211; Godišnja doba</p>



<p><a href="https://wordwall.net/play/5542/838/891" target="_blank" rel="noreferrer noopener">Kviz pridruživanja</a></p>



<p><strong>Toplinski pojasevi</strong>:</p>



<iframe loading="lazy" src="https://docs.google.com/presentation/d/e/2PACX-1vQLe_BQNJ5AdYz_d4o1b3NKqxpo0y9_8p9FTO6CMlaG758lbBioqaCTzMM4HDM8wRzq77v0ZneM6jPL/embed?start=false&#038;loop=false&#038;delayms=3000" frameborder="0" width="1440" height="839" allowfullscreen="true" mozallowfullscreen="true" webkitallowfullscreen="true"></iframe>



<div style="height:47px" aria-hidden="true" class="wp-block-spacer"></div>



<p><a href="https://wordwall.net/play/5539/746/713" target="_blank" rel="noreferrer noopener">Kviz pridruživanja</a></p>



<p><a href="https://wordwall.net/play/5543/931/990" target="_blank" rel="noreferrer noopener">Kviz znanja</a></p>



<p><a href="https://docs.google.com/presentation/d/e/2PACX-1vSiNV_VsNHIy5-zCfNo-kNAQ9VsUXL-jhCG2IPsJPB_9ocHfcw6MGCsUyPOW1b0vg1lg6piM5l2sEcE/pub?start=false&amp;loop=false&amp;delayms=3000" target="_blank" rel="noreferrer noopener"><strong>Vježba na karti</strong></a></p>



<div style="height:44px" aria-hidden="true" class="wp-block-spacer"></div>



<p class="has-pale-cyan-blue-background-color has-background"><strong>Geobilježnica:</strong></p>



<p class="has-text-align-center"><span style="text-decoration: underline;">Godišnja doba i toplinski pojasevi</span></p>



<p>Godišnja doba na sjevernoj polutki:</p>



<figure class="wp-block-table is-style-regular"><table><tbody><tr><td>DATUM</td><td>GODIŠNJE DOBA</td><td>SUNČEVE ZRAKE PADAJU OKOMITO</td><td>TRAJAJNJE DANA I NOĆI</td></tr><tr><td>21. ožujka</td><td>proljeće</td><td>na ekvator</td><td>jednako, proljetna ravnodnevnica</td></tr><tr><td>21. lipnja</td><td>ljeto</td><td>na sjevernu obratnicu</td><td>dan je dulji od noći, ljetni suncostaj</td></tr><tr><td>23. rujna</td><td>jesen</td><td>na ekvator</td><td>jednako, jesenska ravnodnevica</td></tr><tr><td>21. prosinca</td><td>zima</td><td>na južnu obratnicu</td><td>dan je kraći od noći, zimski suncostaj</td></tr></tbody></table></figure>



<p>Toplinski pojasevi</p>



<p><strong>sjeverni hladni</strong>&nbsp;– između sjevernog pola i sjeverne polarnice</p>



<p><strong>sjeverni umjereni</strong>&nbsp;– između sjeverne polarnice i sjeverne obratnice</p>



<p><strong>žarki</strong>&nbsp;– između sjeverne i južne obratnice</p>



<p><strong>južni umjereni</strong>&nbsp;– između južne obratnice i južne polarnice</p>



<p><strong>južni hladni</strong>&nbsp;– između južne polarnice i južnoga pola</p>



<div style="height:40px" aria-hidden="true" class="wp-block-spacer"></div>



<div class="wp-block-buttons is-layout-flex wp-block-buttons-is-layout-flex">
<div class="wp-block-button"><a class="wp-block-button__link has-vivid-cyan-blue-background-color has-background" href="https://vesnajanko.eu/?page_id=5082">Povratak na temu</a></div>
</div>

<p>– opisuje obilježja godišnjih doba prostora u kojemu živi– pokazuje na geografskoj karti obratnice i polarnice– imenuje na crtežu i određuje na geografskoj karti i globusu toplinske pojaseve te navodi njihove specifičnosti i povezuje ih s klimatskim obilježjima Godišnja doba: Videozapis (kanal: yociel) Interaktivni video zapis &#8211; Godišnja doba Kviz&#8230; <a href="https://vesnajanko.eu/?page_id=6946" class="readmore">Više<span class="screen-reader-text">&#8220;Godišnja doba, toplinski pojasevi&#8221;</span></a></p>
