{"id":6729,"date":"2022-03-27T13:15:03","date_gmt":"2022-03-27T12:15:03","guid":{"rendered":"https:\/\/vesnajanko.eu\/?page_id=6729"},"modified":"2025-05-18T18:24:33","modified_gmt":"2025-05-18T17:24:33","slug":"7-4-regije-u-drustveno-gospodarskom-razvojujugoistocna-i-istocna-europa","status":"publish","type":"page","link":"https:\/\/vesnajanko.eu\/?page_id=6729","title":{"rendered":"7.5. Sjeverna i Isto\u010dna Europa"},"content":{"rendered":"\n<p class=\"has-medium-font-size\">U ud\u017ebeniku 184. &#8211; 223. stranice.<\/p>\n\n\n\n<figure class=\"wp-block-table is-style-stripes\"><table><thead><tr><th>Podteme (lekcije)<\/th><th>plan<\/th><\/tr><\/thead><tbody><tr><td><a href=\"https:\/\/vesnajanko.eu\/?page_id=9974\">Prirodno-geografska obilje\u017eja Sjeverne Europe<\/a><br><a href=\"https:\/\/vesnajanko.eu\/?page_id=10008\">Dru\u0161tveno-geografska obilje\u017eja Sjeverne Europe<\/a><\/td><td><\/td><\/tr><tr><td><a href=\"https:\/\/vesnajanko.eu\/?page_id=1641\">Dr\u017eave Sjeverne Europe \u2013 vesnajanko.eu<\/a><\/td><td><\/td><\/tr><tr><td><a href=\"https:\/\/vesnajanko.eu\/?page_id=6763\" data-type=\"page\" data-id=\"6763\">Prirodno i dru\u0161tveno-geografska obilje\u017eja Isto\u010dne Europe<\/a><\/td><td><\/td><\/tr><tr><td><a href=\"https:\/\/vesnajanko.eu\/?page_id=4891\">Ruska Federacija<\/a><\/td><td><\/td><\/tr><tr><td>Sjeverna i Isto\u010dna Europa &#8211; ponavljanje i provjera<\/td><td><\/td><\/tr><tr><td><\/td><td><\/td><\/tr><\/tbody><\/table><\/figure>\n","protected":false},"excerpt":{"rendered":"<p>U ud\u017ebeniku 184. &#8211; 223. stranice. Podteme (lekcije) plan Prirodno-geografska obilje\u017eja Sjeverne EuropeDru\u0161tveno-geografska obilje\u017eja Sjeverne Europe Dr\u017eave Sjeverne Europe \u2013 vesnajanko.eu Prirodno i dru\u0161tveno-geografska obilje\u017eja Isto\u010dne Europe Ruska Federacija Sjeverna i Isto\u010dna Europa &#8211; ponavljanje i provjera<\/p>\n","protected":false},"author":1,"featured_media":0,"parent":6278,"menu_order":0,"comment_status":"closed","ping_status":"closed","template":"","meta":{"footnotes":""},"class_list":["post-6729","page","type-page","status-publish","hentry"],"_links":{"self":[{"href":"https:\/\/vesnajanko.eu\/index.php?rest_route=\/wp\/v2\/pages\/6729","targetHints":{"allow":["GET"]}}],"collection":[{"href":"https:\/\/vesnajanko.eu\/index.php?rest_route=\/wp\/v2\/pages"}],"about":[{"href":"https:\/\/vesnajanko.eu\/index.php?rest_route=\/wp\/v2\/types\/page"}],"author":[{"embeddable":true,"href":"https:\/\/vesnajanko.eu\/index.php?rest_route=\/wp\/v2\/users\/1"}],"replies":[{"embeddable":true,"href":"https:\/\/vesnajanko.eu\/index.php?rest_route=%2Fwp%2Fv2%2Fcomments&post=6729"}],"version-history":[{"count":15,"href":"https:\/\/vesnajanko.eu\/index.php?rest_route=\/wp\/v2\/pages\/6729\/revisions"}],"predecessor-version":[{"id":10010,"href":"https:\/\/vesnajanko.eu\/index.php?rest_route=\/wp\/v2\/pages\/6729\/revisions\/10010"}],"up":[{"embeddable":true,"href":"https:\/\/vesnajanko.eu\/index.php?rest_route=\/wp\/v2\/pages\/6278"}],"wp:attachment":[{"href":"https:\/\/vesnajanko.eu\/index.php?rest_route=%2Fwp%2Fv2%2Fmedia&parent=6729"}],"curies":[{"name":"wp","href":"https:\/\/api.w.org\/{rel}","templated":true}]}}