{"id":4745,"date":"2020-04-17T07:37:32","date_gmt":"2020-04-17T06:37:32","guid":{"rendered":"https:\/\/vesnajanko.eu\/?page_id=4745"},"modified":"2025-03-26T16:45:35","modified_gmt":"2025-03-26T15:45:35","slug":"jugoistocna-europa","status":"publish","type":"page","link":"https:\/\/vesnajanko.eu\/?page_id=4745","title":{"rendered":"Jugoisto\u010dna Europa"},"content":{"rendered":"\n<p><strong><a rel=\"noreferrer noopener\" aria-label=\"Pogledaj videolekciju \u0160kole za \u017eivot ovdje. (otvara se u novoj kartici)\" href=\"https:\/\/youtu.be\/2XJaDwwyv4M\" target=\"_blank\">Pogledaj videolekciju &#8220;\u0160kole za \u017eivot&#8221; ovdje.<\/a><\/strong><br>ili pro\u010ditaj tekst ud\u017ebenika <\/p>\n\n\n\n<p><strong><a href=\"https:\/\/carnet-my.sharepoint.com\/:p:\/g\/personal\/vesna_janko_skole_hr\/EYJqE6NPzaFNnR_spgnx-RMBh508JObEfMi8-pBZLgnHGA?e=xbZ7b5\" target=\"_blank\" rel=\"noreferrer noopener\">Prirodna osnova<\/a><\/strong> (\u0161k)<\/p>\n\n\n\n<p><strong><a href=\"https:\/\/carnet-my.sharepoint.com\/:p:\/g\/personal\/vesna_janko_skole_hr\/ESROMoU4vPpDliWFYE-eBGsBFHwjpP3T0gThlhvKPr8-Ng?e=DmGZas\" target=\"_blank\" rel=\"noreferrer noopener\">Stanovni\u0161tvo i gospodarstvo<\/a><\/strong> (\u0161k)<\/p>\n\n\n\n<p><strong><a href=\"https:\/\/www.purposegames.com\/game\/jugoistocna-europa-game\" target=\"_blank\" rel=\"noreferrer noopener\">Vje\u017eba na karti<\/a><\/strong><\/p>\n\n\n\n<hr class=\"wp-block-separator has-css-opacity\"\/>\n\n\n\n<h4 class=\"wp-block-heading has-pale-cyan-blue-background-color has-background\">Geobilje\u017enica<\/h4>\n\n\n\n<p class=\"has-text-align-center\">Jugoisto\u010dna Europa<\/p>\n\n\n\n<p>-dr\u017eave Jugoisto\u010dne Europe:&nbsp;<strong>crnomorske<\/strong>&nbsp;(Rumunjska i Bugarska), <strong>kontinentske<\/strong>&nbsp;(Makedonija, Kosovo Srbija), <strong>jadranske<\/strong> (Crna Gora i Bosna i Hercegovina)<\/p>\n\n\n\n<ul class=\"wp-block-list\">\n<li>najmanja europska regija<\/li>\n\n\n\n<li>veliko prometno zna\u010denje \u2013 povezuje Srednju Europu sa Jugozapadnom Azijom, Isto\u010dnu Europu sa Sredozemljem<\/li>\n\n\n\n<li>planinska regija (Dinaridi, Kartpati, \u0160arsko-Pindsko gorje, Rodopi) + nizine (Vla\u0161ka, Trakijska, Panonska)<\/li>\n\n\n\n<li>etni\u010dki i vjerski mozaik (brojne nacionalne manjine u dr\u017eavama)<\/li>\n\n\n\n<li>&nbsp;podru\u010dje politi\u010dke nestabilnosti<\/li>\n\n\n\n<li>&nbsp;emigracijski prostor<\/li>\n\n\n\n<li>dr\u017eave su u gospodarskom razvoju &#8211; isti\u010du se izvozom sirovina i ruda<\/li>\n\n\n\n<li>Bugarska i Rumunjska \u010dlanice EU<\/li>\n<\/ul>\n","protected":false},"excerpt":{"rendered":"<p>Pogledaj videolekciju &#8220;\u0160kole za \u017eivot&#8221; ovdje.ili pro\u010ditaj tekst ud\u017ebenika Prirodna osnova (\u0161k) Stanovni\u0161tvo i gospodarstvo (\u0161k) Vje\u017eba na karti Geobilje\u017enica Jugoisto\u010dna Europa -dr\u017eave Jugoisto\u010dne Europe:&nbsp;crnomorske&nbsp;(Rumunjska i Bugarska), kontinentske&nbsp;(Makedonija, Kosovo Srbija), jadranske (Crna Gora i Bosna i Hercegovina)<\/p>\n","protected":false},"author":1,"featured_media":0,"parent":6278,"menu_order":0,"comment_status":"closed","ping_status":"closed","template":"","meta":{"footnotes":""},"class_list":["post-4745","page","type-page","status-publish","hentry"],"_links":{"self":[{"href":"https:\/\/vesnajanko.eu\/index.php?rest_route=\/wp\/v2\/pages\/4745","targetHints":{"allow":["GET"]}}],"collection":[{"href":"https:\/\/vesnajanko.eu\/index.php?rest_route=\/wp\/v2\/pages"}],"about":[{"href":"https:\/\/vesnajanko.eu\/index.php?rest_route=\/wp\/v2\/types\/page"}],"author":[{"embeddable":true,"href":"https:\/\/vesnajanko.eu\/index.php?rest_route=\/wp\/v2\/users\/1"}],"replies":[{"embeddable":true,"href":"https:\/\/vesnajanko.eu\/index.php?rest_route=%2Fwp%2Fv2%2Fcomments&post=4745"}],"version-history":[{"count":22,"href":"https:\/\/vesnajanko.eu\/index.php?rest_route=\/wp\/v2\/pages\/4745\/revisions"}],"predecessor-version":[{"id":9740,"href":"https:\/\/vesnajanko.eu\/index.php?rest_route=\/wp\/v2\/pages\/4745\/revisions\/9740"}],"up":[{"embeddable":true,"href":"https:\/\/vesnajanko.eu\/index.php?rest_route=\/wp\/v2\/pages\/6278"}],"wp:attachment":[{"href":"https:\/\/vesnajanko.eu\/index.php?rest_route=%2Fwp%2Fv2%2Fmedia&parent=4745"}],"curies":[{"name":"wp","href":"https:\/\/api.w.org\/{rel}","templated":true}]}}