{"id":2893,"date":"2017-11-19T20:23:38","date_gmt":"2017-11-19T19:23:38","guid":{"rendered":"https:\/\/vesnajanko.eu\/?page_id=2893"},"modified":"2025-04-24T18:28:38","modified_gmt":"2025-04-24T17:28:38","slug":"7-20-ujedinjeno-kraljevstvo-regionalna-obiljezja","status":"publish","type":"page","link":"https:\/\/vesnajanko.eu\/?page_id=2893","title":{"rendered":"Ujedinjeno Kraljevstvo &#8211; regionalna obilje\u017eja"},"content":{"rendered":"\n<p>Pogledaj <a href=\"https:\/\/youtu.be\/45ETZ1xvHS0\" target=\"_blank\" rel=\"noreferrer noopener\"><strong>video o Londonu<\/strong><\/a> (YT kanal: Expedia) ili <a href=\"https:\/\/youtu.be\/PSTh80Aybjs\" target=\"_blank\" rel=\"noopener noreferrer\"><strong>London Cityju<\/strong><\/a> (YT kanal: New York Habitat) ili <a href=\"https:\/\/youtu.be\/L0r0VTos_wU\" target=\"_blank\" rel=\"noopener noreferrer\"><strong>znamenitostima<\/strong><\/a> Londona (YT kanal: Visit London) ili <a href=\"https:\/\/youtu.be\/mBELEFMoktU\" target=\"_blank\" rel=\"noreferrer noopener\">video razglednicu<\/a> (YT kanal: Ron&#8217;s been here)<\/p>\n\n\n\n<p>Verzija 1.<\/p>\n\n\n\n<p class=\"has-pale-ocean-gradient-background has-background has-medium-font-size\">Odgovori na <a rel=\"noopener noreferrer\" href=\"https:\/\/goo.gl\/forms\/mK1CHDp0WsF2cTkB3\" target=\"_blank\"><strong>pitanja <\/strong><\/a>uz pomo\u0107 ud\u017ebenika 172. &#8211; 176.<\/p>\n\n\n\n<iframe loading=\"lazy\" src=\"https:\/\/docs.google.com\/forms\/d\/e\/1FAIpQLSduo5sfVJrl3KOB6c0---W6FOmG_PawTguGUDCita5z4ndAgw\/viewform?embedded=true\" width=\"640\" height=\"428\" frameborder=\"0\" marginheight=\"0\" marginwidth=\"0\">U\u010ditavanje\u2026<\/iframe>\n\n\n\n<div style=\"height:69px\" aria-hidden=\"true\" class=\"wp-block-spacer\"><\/div>\n\n\n\n<p>Verzija 2.<\/p>\n\n\n\n<figure class=\"wp-block-table\"><table><tbody><tr><td><strong>REGIJE<\/strong><\/td><td><strong>geografska i gospodarska obilje\u017eja<\/strong><\/td><td><strong>gradovi i njihovo zna\u010denje<\/strong><\/td><\/tr><tr><td>ENGLESKA<\/td><td><\/td><td><\/td><\/tr><tr><td>Veliki London<\/td><td><\/td><td><\/td><\/tr><tr><td>WALES<\/td><td><\/td><td><\/td><\/tr><tr><td>\u0160KOTSKA<\/td><td><\/td><td><\/td><\/tr><tr><td>SJEVERNA<br>IRSKA<\/td><td><\/td><td><\/td><\/tr><\/tbody><\/table><\/figure>\n\n\n\n<p>Vje\u017eba na <a rel=\"noopener noreferrer\" href=\"https:\/\/www.purposegames.com\/game\/10-largest-cities-of-united-kingdom-game\" target=\"_blank\"><strong>karti<\/strong><\/a>. (autor: Andrej Aleksandrovi\u0107)<\/p>\n\n\n\n<hr class=\"wp-block-separator has-css-opacity\"\/>\n\n\n\n<p class=\"has-pale-cyan-blue-background-color has-background\"><strong><a rel=\"noreferrer noopener\" href=\"http:\/\/vesna-janko.from.hr\/?page_id=1260\" target=\"_blank\">GeoBilje\u017enica<\/a><\/strong><\/p>\n\n\n\n<p class=\"has-text-align-center\"><strong>Ujedinjeno Kraljevstvo &#8211; regionalna obilje\u017eja<\/strong><\/p>\n\n\n\n<p><strong>Engleska<\/strong><\/p>\n\n\n\n<ul class=\"wp-block-list\">\n<li>najve\u0107a, najgu\u0161\u0107e naseljena, najrazvijenija regija<\/li>\n\n\n\n<li><strong>Veliki London<\/strong>&nbsp;\u2013 aglomeracija; raznovrsna moderna industrija, usluge, globalni grad; satelitski gradovi<\/li>\n\n\n\n<li>obala \u2013 ribarstvo, turizam, brodogradnja<\/li>\n\n\n\n<li>&nbsp;sjeverni dio regije \u2013 nova industrija, sredi\u0161ta&nbsp;<strong>Birmingham<\/strong>,&nbsp;<strong>Manchester<\/strong>,&nbsp;<strong>Leeds<\/strong>,&nbsp;<strong>Liverpool<\/strong><\/li>\n\n\n\n<li>isto\u010dni dio regije \u2013 prerada nafte i plina iz Sjevernog mora i primarni sektor<\/li>\n\n\n\n<li>jugozapadni dio regije (Cornwall) \u2013 turizam i primarni sektor<\/li>\n<\/ul>\n\n\n\n<p><strong>Wales<\/strong><\/p>\n\n\n\n<ul class=\"wp-block-list\">\n<li>na jugu rudarstvo i industrija u pro\u0161losti, danas modernizacija industrije<\/li>\n\n\n\n<li>&nbsp;<strong>Cardiff<\/strong>&nbsp;(staro sredi\u0161te),&nbsp;<strong>Swansea<\/strong>&nbsp;(novo sredi\u0161te)<\/li>\n\n\n\n<li>sredi\u0161nji i sjeverni dio \u2013 primarni sektor, na obali turizam<\/li>\n<\/ul>\n\n\n\n<p><strong>\u0160kotska<\/strong><\/p>\n\n\n\n<ul class=\"wp-block-list\">\n<li>gromadno gorje rijetko naseljeno; sto\u010darstvo<\/li>\n\n\n\n<li>Lowlands \u2013 najnaseljeniji i najrazvijeniji dio regije<\/li>\n\n\n\n<li>&nbsp;<strong>Glasgow<\/strong>&nbsp;(gospodarsko sredi\u0161te),&nbsp;<strong>Edinburgh<\/strong>&nbsp;(politi\u010dko i kulturno sredi\u0161te), Aberdeen (prerada nafte iz Sjevernog mora)<\/li>\n<\/ul>\n\n\n\n<p><strong>Sjeverna Irska<\/strong><\/p>\n\n\n\n<ul class=\"wp-block-list\">\n<li>&nbsp;poljoprivredna regija<\/li>\n\n\n\n<li>politi\u010dki problemi<\/li>\n\n\n\n<li><strong>Belfast<\/strong>&nbsp;(gospodarsko i politi\u010dko sredi\u0161te)<\/li>\n<\/ul>\n","protected":false},"excerpt":{"rendered":"<p>Pogledaj video o Londonu (YT kanal: Expedia) ili London Cityju (YT kanal: New York Habitat) ili znamenitostima Londona (YT kanal: Visit London) ili video razglednicu (YT kanal: Ron&#8217;s been here) Verzija 1. Odgovori na pitanja uz pomo\u0107 ud\u017ebenika 172. &#8211; 176. U\u010ditavanje\u2026 Verzija 2. REGIJE geografska i gospodarska obilje\u017eja gradovi&#8230; <a href=\"https:\/\/vesnajanko.eu\/?page_id=2893\" class=\"readmore\">Vi\u0161e<span class=\"screen-reader-text\">&#8220;Ujedinjeno Kraljevstvo &#8211; regionalna obilje\u017eja&#8221;<\/span><\/a><\/p>\n","protected":false},"author":1,"featured_media":0,"parent":12,"menu_order":0,"comment_status":"closed","ping_status":"closed","template":"templates\/page-full-width.php","meta":{"footnotes":""},"class_list":["post-2893","page","type-page","status-publish","hentry"],"_links":{"self":[{"href":"https:\/\/vesnajanko.eu\/index.php?rest_route=\/wp\/v2\/pages\/2893","targetHints":{"allow":["GET"]}}],"collection":[{"href":"https:\/\/vesnajanko.eu\/index.php?rest_route=\/wp\/v2\/pages"}],"about":[{"href":"https:\/\/vesnajanko.eu\/index.php?rest_route=\/wp\/v2\/types\/page"}],"author":[{"embeddable":true,"href":"https:\/\/vesnajanko.eu\/index.php?rest_route=\/wp\/v2\/users\/1"}],"replies":[{"embeddable":true,"href":"https:\/\/vesnajanko.eu\/index.php?rest_route=%2Fwp%2Fv2%2Fcomments&post=2893"}],"version-history":[{"count":23,"href":"https:\/\/vesnajanko.eu\/index.php?rest_route=\/wp\/v2\/pages\/2893\/revisions"}],"predecessor-version":[{"id":9932,"href":"https:\/\/vesnajanko.eu\/index.php?rest_route=\/wp\/v2\/pages\/2893\/revisions\/9932"}],"up":[{"embeddable":true,"href":"https:\/\/vesnajanko.eu\/index.php?rest_route=\/wp\/v2\/pages\/12"}],"wp:attachment":[{"href":"https:\/\/vesnajanko.eu\/index.php?rest_route=%2Fwp%2Fv2%2Fmedia&parent=2893"}],"curies":[{"name":"wp","href":"https:\/\/api.w.org\/{rel}","templated":true}]}}