{"id":2697,"date":"2017-10-17T18:57:21","date_gmt":"2017-10-17T17:57:21","guid":{"rendered":"https:\/\/vesnajanko.eu\/?page_id=2697"},"modified":"2021-02-04T10:30:27","modified_gmt":"2021-02-04T09:30:27","slug":"klima-i-vegetacija-europe","status":"publish","type":"page","link":"https:\/\/vesnajanko.eu\/?page_id=2697","title":{"rendered":"mGeoAtlas: Srednja Europa"},"content":{"rendered":"\n<div class=\"wp-block-buttons is-layout-flex wp-block-buttons-is-layout-flex\">\n<div class=\"wp-block-button\"><a class=\"wp-block-button__link has-white-color has-vivid-cyan-blue-background-color has-text-color has-background\" href=\"https:\/\/vesnajanko.eu\/?page_id=839\">mGeoAtlas 2.1<\/a><\/div>\n\n\n\n<div class=\"wp-block-button\"><a class=\"wp-block-button__link has-white-color has-vivid-cyan-blue-background-color has-text-color has-background\" href=\"https:\/\/vesnajanko.eu\/?page_id=2691\">Europa<\/a><\/div>\n<\/div>\n\n\n\n<hr class=\"wp-block-separator\"\/>\n\n\n\n<h4 class=\"has-white-color has-vivid-cyan-blue-background-color has-text-color has-background wp-block-heading\">Karte<\/h4>\n\n\n\n<p class=\"has-medium-font-size\"><a href=\"https:\/\/www.scribblemaps.com\/maps\/view\/Njemacka\/Njemacka\" target=\"_blank\" rel=\"noreferrer noopener\">Njema\u010dka<\/a><\/p>\n\n\n\n<p class=\"has-medium-font-size\"><a href=\"https:\/\/www.scribblemaps.com\/maps\/view\/Alpske_dr%C5%BEave\/Alpske\" target=\"_blank\" rel=\"noreferrer noopener\">Alpske dr\u017eave<\/a><\/p>\n\n\n\n<p class=\"has-medium-font-size\"><a href=\"https:\/\/www.google.com\/maps\/d\/u\/0\/viewer?mid=1Q9Qcm6s99fd83ndcPwFZLUz7tWg&amp;ll=49.9155722681247%2C15.246720067016668&amp;z=6\" target=\"_blank\" rel=\"noreferrer noopener\">\u010ce\u0161ka Republika<\/a><\/p>\n\n\n\n<p class=\"has-medium-font-size\"><a href=\"https:\/\/www.google.com\/maps\/d\/u\/0\/viewer?mid=1H0OMeWJyke0bd7OaWAcRn_KJfdE&amp;ll=52.69483473973851%2C18.574193612793124&amp;z=5\" target=\"_blank\" rel=\"noreferrer noopener\">Poljska<\/a><\/p>\n\n\n\n<p class=\"has-medium-font-size\"><a rel=\"noreferrer noopener\" href=\"https:\/\/www.google.com\/maps\/d\/u\/0\/viewer?mid=18FnYw1MpPiFI-KthctE8DyWh87M&amp;ll=48.8427972294163%2C19.34750910937487&amp;z=6\" target=\"_blank\">Slova\u010dka<\/a><\/p>\n\n\n\n<p class=\"has-medium-font-size\"><a href=\"https:\/\/www.google.com\/maps\/d\/u\/0\/viewer?mid=1ejm23enInDMWY0NbLFppCqm7cgQ&amp;ll=47.42905203987809%2C19.597244172045976&amp;z=6\" target=\"_blank\" rel=\"noreferrer noopener\">Ma\u0111arska<\/a><\/p>\n","protected":false},"excerpt":{"rendered":"<p>Karte Njema\u010dka Alpske dr\u017eave \u010ce\u0161ka Republika Poljska Slova\u010dka Ma\u0111arska<\/p>\n","protected":false},"author":1,"featured_media":0,"parent":2691,"menu_order":0,"comment_status":"closed","ping_status":"closed","template":"templates\/page-full-width.php","meta":{"footnotes":""},"class_list":["post-2697","page","type-page","status-publish","hentry"],"_links":{"self":[{"href":"https:\/\/vesnajanko.eu\/index.php?rest_route=\/wp\/v2\/pages\/2697","targetHints":{"allow":["GET"]}}],"collection":[{"href":"https:\/\/vesnajanko.eu\/index.php?rest_route=\/wp\/v2\/pages"}],"about":[{"href":"https:\/\/vesnajanko.eu\/index.php?rest_route=\/wp\/v2\/types\/page"}],"author":[{"embeddable":true,"href":"https:\/\/vesnajanko.eu\/index.php?rest_route=\/wp\/v2\/users\/1"}],"replies":[{"embeddable":true,"href":"https:\/\/vesnajanko.eu\/index.php?rest_route=%2Fwp%2Fv2%2Fcomments&post=2697"}],"version-history":[{"count":9,"href":"https:\/\/vesnajanko.eu\/index.php?rest_route=\/wp\/v2\/pages\/2697\/revisions"}],"predecessor-version":[{"id":5626,"href":"https:\/\/vesnajanko.eu\/index.php?rest_route=\/wp\/v2\/pages\/2697\/revisions\/5626"}],"up":[{"embeddable":true,"href":"https:\/\/vesnajanko.eu\/index.php?rest_route=\/wp\/v2\/pages\/2691"}],"wp:attachment":[{"href":"https:\/\/vesnajanko.eu\/index.php?rest_route=%2Fwp%2Fv2%2Fmedia&parent=2697"}],"curies":[{"name":"wp","href":"https:\/\/api.w.org\/{rel}","templated":true}]}}

<div class="wp-block-buttons is-layout-flex wp-block-buttons-is-layout-flex">
<div class="wp-block-button"><a class="wp-block-button__link has-white-color has-vivid-cyan-blue-background-color has-text-color has-background" href="https://vesnajanko.eu/?page_id=839">mGeoAtlas 2.1</a></div>



<div class="wp-block-button"><a class="wp-block-button__link has-white-color has-vivid-cyan-blue-background-color has-text-color has-background" href="https://vesnajanko.eu/?page_id=2691">Europa</a></div>
</div>



<hr class="wp-block-separator"/>



<h4 class="has-white-color has-vivid-cyan-blue-background-color has-text-color has-background wp-block-heading">Karte</h4>



<p class="has-medium-font-size"><a href="https://www.scribblemaps.com/maps/view/Njemacka/Njemacka" target="_blank" rel="noreferrer noopener">Njemačka</a></p>



<p class="has-medium-font-size"><a href="https://www.scribblemaps.com/maps/view/Alpske_dr%C5%BEave/Alpske" target="_blank" rel="noreferrer noopener">Alpske države</a></p>



<p class="has-medium-font-size"><a href="https://www.google.com/maps/d/u/0/viewer?mid=1Q9Qcm6s99fd83ndcPwFZLUz7tWg&amp;ll=49.9155722681247%2C15.246720067016668&amp;z=6" target="_blank" rel="noreferrer noopener">Češka Republika</a></p>



<p class="has-medium-font-size"><a href="https://www.google.com/maps/d/u/0/viewer?mid=1H0OMeWJyke0bd7OaWAcRn_KJfdE&amp;ll=52.69483473973851%2C18.574193612793124&amp;z=5" target="_blank" rel="noreferrer noopener">Poljska</a></p>



<p class="has-medium-font-size"><a rel="noreferrer noopener" href="https://www.google.com/maps/d/u/0/viewer?mid=18FnYw1MpPiFI-KthctE8DyWh87M&amp;ll=48.8427972294163%2C19.34750910937487&amp;z=6" target="_blank">Slovačka</a></p>



<p class="has-medium-font-size"><a href="https://www.google.com/maps/d/u/0/viewer?mid=1ejm23enInDMWY0NbLFppCqm7cgQ&amp;ll=47.42905203987809%2C19.597244172045976&amp;z=6" target="_blank" rel="noreferrer noopener">Mađarska</a></p>

<p>Karte Njemačka Alpske države Češka Republika Poljska Slovačka Mađarska</p>
