{"id":2452,"date":"2017-05-28T16:31:14","date_gmt":"2017-05-28T15:31:14","guid":{"rendered":"https:\/\/vesnajanko.eu\/?page_id=2452"},"modified":"2025-05-12T09:40:51","modified_gmt":"2025-05-12T08:40:51","slug":"6-66-oceanija","status":"publish","type":"page","link":"https:\/\/vesnajanko.eu\/?page_id=2452","title":{"rendered":"Oceanija"},"content":{"rendered":"\n<p>Pogledaj <a rel=\"noreferrer noopener\" href=\"https:\/\/youtu.be\/uVTNAd1XkIg\" target=\"_blank\">videolekciju \u0160kole za \u017eivot<\/a> ili pro\u010ditaj tekst ud\u017ebenika 195. -200. str.<\/p>\n\n\n\n<p>Pogledaj <a href=\"https:\/\/youtu.be\/xNOjmiwoEPE\" target=\"_blank\" rel=\"noreferrer noopener\">video ovdje o Maorima<\/a>.<\/p>\n\n\n\n<p class=\"has-very-light-gray-to-cyan-bluish-gray-gradient-background has-background\">Rije\u0161i <strong><a href=\"https:\/\/forms.gle\/KhFxwHdT9MTjSZk5A\" target=\"_blank\" rel=\"noreferrer noopener\">zadatke ovdje<\/a><\/strong>.<\/p>\n\n\n\n<p>Rije\u0161i<strong> <a href=\"https:\/\/wordwall.net\/hr\/resource\/2762229\" target=\"_blank\" rel=\"noreferrer noopener\">vje\u017ebu na karti<\/a><\/strong>.<\/p>\n\n\n\n<p class=\"has-pale-cyan-blue-background-color has-background has-medium-font-size\"><strong>Geobilje\u0161ke<\/strong><\/p>\n\n\n\n<p class=\"has-text-align-center\">Oceanija<\/p>\n\n\n\n<ul class=\"wp-block-list\">\n<li>prostor otoka u Tihom oceanu \u2013 tri velike cjeline (Melanezija , Mikronezija i Polinezija)<\/li>\n\n\n\n<li>otoci kontinentskog, vulkanskog, koraljnog postanka (atoli)<\/li>\n<\/ul>\n\n\n\n<ul class=\"wp-block-list\">\n<li>prevladava tropska klima<\/li>\n\n\n\n<li>razvijena tradicionalna poljoprivreda, ribarstvo\u00a0i turizam, izvoz tropskih kultura<\/li>\n<\/ul>\n\n\n\n<p>Novi Zeland<\/p>\n\n\n\n<ul class=\"wp-block-list\">\n<li>gospodarski najrazvijeniji u Oceaniji (ov\u010darstvo , turizam\u2026)<\/li>\n<\/ul>\n\n\n\n<ul class=\"wp-block-list\">\n<li>Sjeverni otok \u2013 naseljeniji, gospodarsko sredi\u0161te<\/li>\n\n\n\n<li>Ju\u017eni otok \u2013 hladniji,&nbsp;djelovanje ledenjaka<\/li>\n\n\n\n<li>dio \u201epacifi\u010dkog vatrenog prstena\u201d<\/li>\n<\/ul>\n\n\n\n<ul class=\"wp-block-list\">\n<li>Maori \u2013 domoroda\u010dko stanovni\u0161tvo<\/li>\n<\/ul>\n\n\n\n<ul class=\"wp-block-list\">\n<li>gradovi: Auckland \u2013 najve\u0107i grad, Wellington \u2013 glavni grad<\/li>\n<\/ul>\n","protected":false},"excerpt":{"rendered":"<p>Pogledaj videolekciju \u0160kole za \u017eivot ili pro\u010ditaj tekst ud\u017ebenika 195. -200. str. Pogledaj video ovdje o Maorima. Rije\u0161i zadatke ovdje. Rije\u0161i vje\u017ebu na karti. Geobilje\u0161ke Oceanija Novi Zeland<\/p>\n","protected":false},"author":1,"featured_media":0,"parent":7248,"menu_order":0,"comment_status":"closed","ping_status":"closed","template":"","meta":{"footnotes":""},"class_list":["post-2452","page","type-page","status-publish","hentry"],"_links":{"self":[{"href":"https:\/\/vesnajanko.eu\/index.php?rest_route=\/wp\/v2\/pages\/2452","targetHints":{"allow":["GET"]}}],"collection":[{"href":"https:\/\/vesnajanko.eu\/index.php?rest_route=\/wp\/v2\/pages"}],"about":[{"href":"https:\/\/vesnajanko.eu\/index.php?rest_route=\/wp\/v2\/types\/page"}],"author":[{"embeddable":true,"href":"https:\/\/vesnajanko.eu\/index.php?rest_route=\/wp\/v2\/users\/1"}],"replies":[{"embeddable":true,"href":"https:\/\/vesnajanko.eu\/index.php?rest_route=%2Fwp%2Fv2%2Fcomments&post=2452"}],"version-history":[{"count":28,"href":"https:\/\/vesnajanko.eu\/index.php?rest_route=\/wp\/v2\/pages\/2452\/revisions"}],"predecessor-version":[{"id":9971,"href":"https:\/\/vesnajanko.eu\/index.php?rest_route=\/wp\/v2\/pages\/2452\/revisions\/9971"}],"up":[{"embeddable":true,"href":"https:\/\/vesnajanko.eu\/index.php?rest_route=\/wp\/v2\/pages\/7248"}],"wp:attachment":[{"href":"https:\/\/vesnajanko.eu\/index.php?rest_route=%2Fwp%2Fv2%2Fmedia&parent=2452"}],"curies":[{"name":"wp","href":"https:\/\/api.w.org\/{rel}","templated":true}]}}