{"id":2,"date":"2015-08-31T13:22:01","date_gmt":"2015-08-31T13:22:01","guid":{"rendered":"https:\/\/vesnajanko.eu\/?page_id=2"},"modified":"2025-12-01T08:25:17","modified_gmt":"2025-12-01T07:25:17","slug":"primjer-stranice","status":"publish","type":"page","link":"https:\/\/vesnajanko.eu\/","title":{"rendered":"Po\u010detna"},"content":{"rendered":"\n<p class=\"has-medium-font-size\"><a href=\"https:\/\/www.youtube.com\/watch?v=V6x-4T1xdGE\" target=\"_blank\" rel=\"noreferrer noopener\">Pogledaj video o ChatGPT istra\u017eivanju<\/a><\/p>\n\n\n\n<p class=\"has-pale-ocean-gradient-background has-background has-medium-font-size\"><a href=\"https:\/\/nearpod.com\/student\/\" target=\"_blank\" rel=\"noreferrer noopener\">Nearpod za u\u010denike<\/a><\/p>\n\n\n\n<div style=\"height:31px\" aria-hidden=\"true\" class=\"wp-block-spacer\"><\/div>\n\n\n\n<p><span style=\"font-size: 1.5rem;\">Dobrodo\u0161li u Geou\u010dionicu&nbsp;<\/span><\/p>\n\n\n\n<h3 class=\"wp-block-heading\"><em style=\"font-size: 13px; text-align: justify; color: #444444;\">Dragi u\u010denici i roditelji,<\/em><\/h3>\n\n\n\n<p><em>svrha ovih stranica je pomo\u0107 u pra\u0107enju nastave Geografije u II. O\u0160 Bjelovar.<\/em><\/p>\n\n\n\n<p class=\"has-electric-grass-gradient-background has-background has-medium-font-size\"><a referrerpolicy=\"origin\" href=\"https:\/\/vesnajanko.eu\/?page_id=4982\" data-type=\"page\" data-id=\"4982\">Geografija za 6. razred<\/a><br><a referrerpolicy=\"origin\" href=\"https:\/\/vesnajanko.eu\/?page_id=6278\" data-type=\"page\" data-id=\"6278\">Geografija za 7. razred<\/a> <br><a referrerpolicy=\"origin\" href=\"https:\/\/vesnajanko.eu\/?page_id=7094\">Geografija za 8. razred<\/a> <br><a href=\"https:\/\/vesnajanko.eu\/?page_id=7493\">Geopitalica<\/a><br><a href=\"https:\/\/docs.google.com\/document\/d\/e\/2PACX-1vTNrSCZjqt5t5b-lSAon6vvpjekHauPW2SRWx4Yv1JIFhoXVUuzGqOfNjN2hIYB8wqYEVHN1YZkfbmb\/pub\" target=\"_blank\" rel=\"noreferrer noopener\">U\u010cENI\u010cKI PORTFOLIO &#8211; <strong>Geoportfolio<\/strong><\/a><\/p>\n\n\n\n<p><strong>Osobni podatci u\u010denika II. osnovne \u0161kole Bjelovar koji se prikupljaju na radnim materijalima (ime, prezime, razred) isklju\u010divo su u svrhu pra\u0107enja rada u nastavi. Molim sve ostale korisnike da ih ne upisuju, u protivnom \u010dine to na vlastitu odgovornost.<\/strong><\/p>\n\n\n\n<p><em>&nbsp;<\/em><span style=\"font-style: inherit;\">Kako bi nam bilo ugodno i osje\u0107ali se sigurno, va\u017eno je po\u0161tovati:<\/span><\/p>\n\n\n\n<ul class=\"wp-block-list\">\n<li><a rel=\"noopener noreferrer\" href=\"https:\/\/docs.google.com\/document\/d\/e\/2PACX-1vS8OU8ixRciNM2LAeO5tphDe2D1ngInajPh4UYN_PzrNS8vEJauOSY-WB2M0JPgCd57TQ_qkOMoKyz2\/pub\" target=\"_blank\">PRAVILA PONA\u0160ANJA U U\u010cIONICI BUDU\u0106NOSTI<\/a><\/li>\n\n\n\n<li><a href=\"https:\/\/docs.google.com\/document\/d\/e\/2PACX-1vS4bg2EO5dSyYCnZ-iuUm3PD1jhCdTJgqRfO8qAtLFzAYRNvEgxy5knBZlCsPXsLzVHmAXY-gngfHBd\/pub\" target=\"_blank\" rel=\"noopener noreferrer\">NA\u010cIN OCJENJIVANJA I VREDNOVANJA<\/a><\/li>\n\n\n\n<li><a href=\"https:\/\/docs.google.com\/document\/d\/e\/2PACX-1vRykea8rmYgx5uIbij2NF15LzR11ch6WNoVBtY2GXuOU5Em4MlbQnpWCCp2A0JOPVon2XseHbbjZZix\/pub\" data-type=\"link\" data-id=\"https:\/\/docs.google.com\/document\/d\/e\/2PACX-1vRykea8rmYgx5uIbij2NF15LzR11ch6WNoVBtY2GXuOU5Em4MlbQnpWCCp2A0JOPVon2XseHbbjZZix\/pub\" target=\"_blank\" rel=\"noreferrer noopener\">KAKO U\u010cITI GEOGRAFIJU<\/a><\/li>\n\n\n\n<li><a href=\"https:\/\/docs.google.com\/document\/d\/e\/2PACX-1vTNrSCZjqt5t5b-lSAon6vvpjekHauPW2SRWx4Yv1JIFhoXVUuzGqOfNjN2hIYB8wqYEVHN1YZkfbmb\/pub\" target=\"_blank\" rel=\"noreferrer noopener\">U\u010cENI\u010cKI PORTFOLIO &#8211; <strong>Geoportfolio<\/strong><\/a> <\/li>\n\n\n\n<li><strong><a href=\"https:\/\/narodne-novine.nn.hr\/clanci\/sluzbeni\/1995_11_92_1506.html\" target=\"_blank\" rel=\"noreferrer noopener\">Pravilnik o na\u010dinima, postupcima i elementima vrednovanja u\u010denika u osnovnim i srednjim \u0161kolama<\/a><\/strong><\/li>\n<\/ul>\n","protected":false},"excerpt":{"rendered":"<p>Pogledaj video o ChatGPT istra\u017eivanju Nearpod za u\u010denike Dobrodo\u0161li u Geou\u010dionicu&nbsp; Dragi u\u010denici i roditelji, svrha ovih stranica je pomo\u0107 u pra\u0107enju nastave Geografije u II. O\u0160 Bjelovar. Geografija za 6. razredGeografija za 7. razred Geografija za 8. razred GeopitalicaU\u010cENI\u010cKI PORTFOLIO &#8211; Geoportfolio Osobni podatci u\u010denika II. osnovne \u0161kole Bjelovar&#8230; <a href=\"https:\/\/vesnajanko.eu\/\" class=\"readmore\">Vi\u0161e<span class=\"screen-reader-text\">&#8220;Po\u010detna&#8221;<\/span><\/a><\/p>\n","protected":false},"author":1,"featured_media":0,"parent":0,"menu_order":0,"comment_status":"closed","ping_status":"open","template":"","meta":{"footnotes":""},"class_list":["post-2","page","type-page","status-publish","hentry"],"_links":{"self":[{"href":"https:\/\/vesnajanko.eu\/index.php?rest_route=\/wp\/v2\/pages\/2","targetHints":{"allow":["GET"]}}],"collection":[{"href":"https:\/\/vesnajanko.eu\/index.php?rest_route=\/wp\/v2\/pages"}],"about":[{"href":"https:\/\/vesnajanko.eu\/index.php?rest_route=\/wp\/v2\/types\/page"}],"author":[{"embeddable":true,"href":"https:\/\/vesnajanko.eu\/index.php?rest_route=\/wp\/v2\/users\/1"}],"replies":[{"embeddable":true,"href":"https:\/\/vesnajanko.eu\/index.php?rest_route=%2Fwp%2Fv2%2Fcomments&post=2"}],"version-history":[{"count":221,"href":"https:\/\/vesnajanko.eu\/index.php?rest_route=\/wp\/v2\/pages\/2\/revisions"}],"predecessor-version":[{"id":10182,"href":"https:\/\/vesnajanko.eu\/index.php?rest_route=\/wp\/v2\/pages\/2\/revisions\/10182"}],"wp:attachment":[{"href":"https:\/\/vesnajanko.eu\/index.php?rest_route=%2Fwp%2Fv2%2Fmedia&parent=2"}],"curies":[{"name":"wp","href":"https:\/\/api.w.org\/{rel}","templated":true}]}}