{"id":191,"date":"2015-09-05T17:18:43","date_gmt":"2015-09-05T17:18:43","guid":{"rendered":"https:\/\/vesnajanko.eu\/?page_id=191"},"modified":"2025-09-12T08:41:02","modified_gmt":"2025-09-12T07:41:02","slug":"7-01-geografija-u-7-razredu","status":"publish","type":"page","link":"https:\/\/vesnajanko.eu\/?page_id=191","title":{"rendered":"7.0. Geografija u sedmom razredu"},"content":{"rendered":"\n<h4 class=\"wp-block-heading\">Uvod<\/h4>\n\n\n\n<p><a href=\"http:\/\/world-geography-games.com\/flags_europe.html\" target=\"_blank\" rel=\"noopener noreferrer\"><strong>Igra<\/strong><\/a> poznavanja zastava Europe<\/p>\n\n\n\n<hr class=\"wp-block-separator has-css-opacity\"\/>\n\n\n\n<h4 class=\"wp-block-heading\">Glavni dio sata<\/h4>\n\n\n\n<ul class=\"wp-block-list\">\n<li>Dogovor o radu (u U\u010dionici budu\u0107nosti)<\/li>\n\n\n\n<li>Kriteriji ocjenjivanja, vrednovanja i pra\u0107enja<\/li>\n\n\n\n<li>Upoznavanje s nastavnim planom<\/li>\n\n\n\n<li>Potreban pribor za rad\n<ul class=\"wp-block-list\">\n<li>Ud\u017ebenik<\/li>\n\n\n\n<li>Bilje\u017enica (portfolio)<\/li>\n\n\n\n<li>Atlas <\/li>\n<\/ul>\n<\/li>\n<\/ul>\n\n\n\n<hr class=\"wp-block-separator has-css-opacity\"\/>\n\n\n\n<h4 class=\"wp-block-heading\">Zavr\u0161ni dio sata<\/h4>\n\n\n\n<p>Ponavljanje znanja 6. razreda kroz kviz igru:<\/p>\n\n\n\n<a target=\"_blank\" href=\"https:\/\/wordwall.net\/hr\/resource\/60016026\/geografija-6-ponavljanje?ref=embed-icon\" rel=\"noopener\"><img loading=\"lazy\" decoding=\"async\" src=\"https:\/\/wordwallapp.azureedge.net\/static\/content\/images\/global\/icon.1omhwxl4ub6c7qbjdg8bmyw2.png\" width=\"24\" height=\"24\" style=\"display:inline-block;margin-bottom:-7px;\"\/>Geografija 6 &#8211; ponavljanje <\/a>\n\n\n\n<div style=\"height:24px\" aria-hidden=\"true\" class=\"wp-block-spacer\"><\/div>\n\n\n\n<a target=\"_blank\" href=\"https:\/\/wordwall.net\/hr\/resource\/8869728\/razredi-klime-u-svijetu-ponavljanje?ref=embed-icon\" rel=\"noopener\"><img loading=\"lazy\" decoding=\"async\" src=\"https:\/\/az779572.vo.msecnd.net\/res\/content\/images\/global\/icon.png|1omhwxl4ub6c7qbjdg8bmyw2.png\" width=\"24\" height=\"24\" style=\"display:inline-block;margin-bottom:-7px;\"\/>Razredi klime u svijetu (ponavljanje)<\/a>\n\n\n\n<div style=\"height:33px\" aria-hidden=\"true\" class=\"wp-block-spacer\"><\/div>\n\n\n\n<a target=\"_blank\" href=\"https:\/\/wordwall.net\/hr\/resource\/33466516\/kopija-gradovi-hrvatske?ref=embed-icon\" rel=\"noopener\"><img loading=\"lazy\" decoding=\"async\" src=\"https:\/\/az779572.vo.msecnd.net\/res\/content\/images\/global\/icon.png|1omhwxl4ub6c7qbjdg8bmyw2.png\" width=\"24\" height=\"24\" style=\"display:inline-block;margin-bottom:-7px;\"\/>Kopija Gradovi Hrvatske<\/a>\n\n\n\n<p>Inicijalna provjera znanja i vje\u0161tina 6. razreda<\/p>\n\n\n\n<p class=\"has-very-light-gray-to-cyan-bluish-gray-gradient-background has-background has-medium-font-size\"><a href=\"https:\/\/forms.gle\/nftdPMvP5fehvqBW6\" target=\"_blank\" rel=\"noreferrer noopener\">Ponavljanje znanja i vje\u0161tina \u0161estog razreda<\/a><\/p>\n","protected":false},"excerpt":{"rendered":"<p>Uvod Igra poznavanja zastava Europe Glavni dio sata Zavr\u0161ni dio sata Ponavljanje znanja 6. razreda kroz kviz igru: Geografija 6 &#8211; ponavljanje Razredi klime u svijetu (ponavljanje) Kopija Gradovi Hrvatske Inicijalna provjera znanja i vje\u0161tina 6. razreda Ponavljanje znanja i vje\u0161tina \u0161estog razreda<\/p>\n","protected":false},"author":1,"featured_media":0,"parent":6278,"menu_order":0,"comment_status":"closed","ping_status":"closed","template":"","meta":{"footnotes":""},"class_list":["post-191","page","type-page","status-publish","hentry"],"_links":{"self":[{"href":"https:\/\/vesnajanko.eu\/index.php?rest_route=\/wp\/v2\/pages\/191","targetHints":{"allow":["GET"]}}],"collection":[{"href":"https:\/\/vesnajanko.eu\/index.php?rest_route=\/wp\/v2\/pages"}],"about":[{"href":"https:\/\/vesnajanko.eu\/index.php?rest_route=\/wp\/v2\/types\/page"}],"author":[{"embeddable":true,"href":"https:\/\/vesnajanko.eu\/index.php?rest_route=\/wp\/v2\/users\/1"}],"replies":[{"embeddable":true,"href":"https:\/\/vesnajanko.eu\/index.php?rest_route=%2Fwp%2Fv2%2Fcomments&post=191"}],"version-history":[{"count":23,"href":"https:\/\/vesnajanko.eu\/index.php?rest_route=\/wp\/v2\/pages\/191\/revisions"}],"predecessor-version":[{"id":10061,"href":"https:\/\/vesnajanko.eu\/index.php?rest_route=\/wp\/v2\/pages\/191\/revisions\/10061"}],"up":[{"embeddable":true,"href":"https:\/\/vesnajanko.eu\/index.php?rest_route=\/wp\/v2\/pages\/6278"}],"wp:attachment":[{"href":"https:\/\/vesnajanko.eu\/index.php?rest_route=%2Fwp%2Fv2%2Fmedia&parent=191"}],"curies":[{"name":"wp","href":"https:\/\/api.w.org\/{rel}","templated":true}]}}