{"id":1641,"date":"2016-12-10T20:27:56","date_gmt":"2016-12-10T19:27:56","guid":{"rendered":"https:\/\/vesnajanko.eu\/?page_id=1641"},"modified":"2024-05-16T11:28:47","modified_gmt":"2024-05-16T10:28:47","slug":"7-27-norveska-svedska-i-finska","status":"publish","type":"page","link":"https:\/\/vesnajanko.eu\/?page_id=1641","title":{"rendered":"Dr\u017eave Sjeverne Europe"},"content":{"rendered":"\n<p><span style=\"text-decoration: underline;\">Zadatak<\/span>:<br>1. geografski polo\u017eaj dr\u017eave (karta)<br>2. geografske posebnosti dr\u017eave<br>3. gospodarstvo &#8211; izvozni proizvodi<br>4. gradovi<br>5. zanimljivosti<\/p>\n\n\n\n<p>Rad u aplikaciji Padlet:<\/p>\n\n\n\n<ul class=\"wp-block-list\">\n<li><a href=\"https:\/\/padlet.com\/geouciteljica\/dr-ave-sjeverne-europe-7a-m51f67vkqo06diem\" target=\"_blank\" rel=\"noreferrer noopener\">Padlet: Dr\u017eave Sjeverne Europe 7.a<\/a><\/li>\n\n\n\n<li><a rel=\"noreferrer noopener\" href=\"https:\/\/padlet.com\/geouciteljica\/dr-ave-sjeverne-europe-7b-55kx32ashbrs6vbt\" target=\"_blank\">Padlet: Dr\u017eave Sjeverne Europe 7.b<\/a><\/li>\n\n\n\n<li><a href=\"https:\/\/padlet.com\/geouciteljica\/dr-ave-sjeverne-europe-7c-5n1lx5lsld6yeifb\" target=\"_blank\" rel=\"noreferrer noopener\">Padlet: Dr\u017eave Sjeverne Europe 7.c<\/a><\/li>\n\n\n\n<li><a href=\"https:\/\/padlet.com\/geouciteljica\/dr-ave-sjeverne-europe-7d-wqbyuse24q7o53oh\" target=\"_blank\" rel=\"noreferrer noopener\">Padlet: Dr\u017eave Sjeverne Europe 7.d<\/a><\/li>\n<\/ul>\n\n\n\n<p><\/p>\n\n\n\n<ul class=\"wp-block-list\">\n<li><\/li>\n<\/ul>\n\n\n\n<p>Rad u paru ili manjoj grupi<\/p>\n\n\n\n<p><span style=\"text-decoration: underline;\">Zavr\u0161ni dio sata<\/span><\/p>\n\n\n\n<ul class=\"wp-block-list\">\n<li>primjena nau\u010denog<\/li>\n\n\n\n<li>formativno vrednovati: pregledati radove i bilje\u017eiti bodove<\/li>\n<\/ul>\n\n\n\n<div style=\"height:28px\" aria-hidden=\"true\" class=\"wp-block-spacer\"><\/div>\n\n\n\n<p>Ponovimo:<\/p>\n\n\n\n<ul class=\"wp-block-list\">\n<li><a href=\"https:\/\/www.youtube.com\/watch?v=EmCzANPiCSc&amp;pbjreload=10\" target=\"_blank\" rel=\"noopener noreferrer\">Norve\u0161ka<\/a><\/li>\n\n\n\n<li><a href=\"https:\/\/youtu.be\/N1WUYr_luaI\" target=\"_blank\" rel=\"noopener noreferrer\">\u0160vedska<\/a><\/li>\n\n\n\n<li><a href=\"https:\/\/youtu.be\/AeCdHxQUUC8\" target=\"_blank\" rel=\"noopener noreferrer\">Finska<\/a><\/li>\n<\/ul>\n\n\n\n<hr class=\"wp-block-separator has-css-opacity\"\/>\n\n\n\n<h4 class=\"wp-block-heading\"><a href=\"http:\/\/vesna-janko.from.hr\/?page_id=1275\" target=\"_blank\" rel=\"noreferrer noopener\" aria-label=\"GeoBilje\u017enica (otvara se u novoj kartici)\">GeoBilje\u017enica<\/a><\/h4>\n\n\n\n<p><\/p>\n","protected":false},"excerpt":{"rendered":"<p>Zadatak:1. geografski polo\u017eaj dr\u017eave (karta)2. geografske posebnosti dr\u017eave3. gospodarstvo &#8211; izvozni proizvodi4. gradovi5. zanimljivosti Rad u aplikaciji Padlet: Rad u paru ili manjoj grupi Zavr\u0161ni dio sata Ponovimo: GeoBilje\u017enica<\/p>\n","protected":false},"author":1,"featured_media":0,"parent":6797,"menu_order":0,"comment_status":"closed","ping_status":"closed","template":"templates\/page-full-width.php","meta":{"footnotes":""},"class_list":["post-1641","page","type-page","status-publish","hentry"],"_links":{"self":[{"href":"https:\/\/vesnajanko.eu\/index.php?rest_route=\/wp\/v2\/pages\/1641","targetHints":{"allow":["GET"]}}],"collection":[{"href":"https:\/\/vesnajanko.eu\/index.php?rest_route=\/wp\/v2\/pages"}],"about":[{"href":"https:\/\/vesnajanko.eu\/index.php?rest_route=\/wp\/v2\/types\/page"}],"author":[{"embeddable":true,"href":"https:\/\/vesnajanko.eu\/index.php?rest_route=\/wp\/v2\/users\/1"}],"replies":[{"embeddable":true,"href":"https:\/\/vesnajanko.eu\/index.php?rest_route=%2Fwp%2Fv2%2Fcomments&post=1641"}],"version-history":[{"count":32,"href":"https:\/\/vesnajanko.eu\/index.php?rest_route=\/wp\/v2\/pages\/1641\/revisions"}],"predecessor-version":[{"id":8083,"href":"https:\/\/vesnajanko.eu\/index.php?rest_route=\/wp\/v2\/pages\/1641\/revisions\/8083"}],"up":[{"embeddable":true,"href":"https:\/\/vesnajanko.eu\/index.php?rest_route=\/wp\/v2\/pages\/6797"}],"wp:attachment":[{"href":"https:\/\/vesnajanko.eu\/index.php?rest_route=%2Fwp%2Fv2%2Fmedia&parent=1641"}],"curies":[{"name":"wp","href":"https:\/\/api.w.org\/{rel}","templated":true}]}}